CRAN Package Check Results for Package cvAUC

Last updated on 2025-11-24 00:48:39 CET.

Flavor Version Tinstall Tcheck Ttotal Status Flags
r-devel-linux-x86_64-debian-clang 1.1.4 2.36 28.11 30.47 NOTE
r-devel-linux-x86_64-debian-gcc 1.1.4 1.84 22.42 24.26 NOTE
r-devel-linux-x86_64-fedora-clang 1.1.4 43.85 OK
r-devel-windows-x86_64 1.1.4 6.00 44.00 50.00 OK
r-patched-linux-x86_64 1.1.4 2.27 25.54 27.81 OK
r-release-linux-x86_64 1.1.4 2.60 25.95 28.55 OK
r-release-macos-arm64 1.1.4 OK
r-release-macos-x86_64 1.1.4 4.00 38.00 42.00 OK
r-release-windows-x86_64 1.1.4 4.00 48.00 52.00 OK
r-oldrel-macos-arm64 1.1.4 OK
r-oldrel-macos-x86_64 1.1.4 2.00 24.00 26.00 OK
r-oldrel-windows-x86_64 1.1.4 7.00 53.00 60.00 OK

Check Details

Version: 1.1.4
Check: CRAN incoming feasibility
Result: NOTE Maintainer: ‘Erin LeDell <oss@ledell.org>’ No Authors@R field in DESCRIPTION. Please add one, modifying Authors@R: c(person(given = "Erin", family = "LeDell", role = c("aut", "cre"), email = "oss@ledell.org"), person(given = "Maya", family = "Petersen", role = "aut"), person(given = "Mark", family = "van der Laan", role = "aut")) as necessary. Flavors: r-devel-linux-x86_64-debian-clang, r-devel-linux-x86_64-debian-gcc