CRAN Package Check Results for Package ctl

Last updated on 2025-11-24 00:48:38 CET.

Flavor Version Tinstall Tcheck Ttotal Status Flags
r-devel-linux-x86_64-debian-clang 1.0.0-10 7.48 66.81 74.29 NOTE
r-devel-linux-x86_64-debian-gcc 1.0.0-10 5.77 48.23 54.00 NOTE
r-devel-linux-x86_64-fedora-clang 1.0.0-10 26.00 90.29 116.29 OK
r-devel-windows-x86_64 1.0.0-10 19.00 94.00 113.00 OK
r-patched-linux-x86_64 1.0.0-10 8.00 61.38 69.38 OK
r-release-linux-x86_64 1.0.0-10 6.63 60.78 67.41 OK
r-release-macos-arm64 1.0.0-10 OK
r-release-macos-x86_64 1.0.0-10 7.00 72.00 79.00 OK
r-release-windows-x86_64 1.0.0-10 16.00 102.00 118.00 OK
r-oldrel-macos-arm64 1.0.0-10 OK
r-oldrel-macos-x86_64 1.0.0-10 5.00 62.00 67.00 OK
r-oldrel-windows-x86_64 1.0.0-10 16.00 112.00 128.00 OK

Check Details

Version: 1.0.0-10
Check: CRAN incoming feasibility
Result: NOTE Maintainer: ‘Danny Arends <Danny.Arends@gmail.com>’ No Authors@R field in DESCRIPTION. Please add one, modifying Authors@R: c(person(given = "Danny", family = "Arends", role = c("aut", "cre"), email = "Danny.Arends@gmail.com"), person(given = "Yang", family = "Li", role = "aut"), person(given = c("Gudrun", "A"), family = "Brockmann", role = "aut"), person(given = c("Ritsert", "C"), family = "Jansen", role = "aut"), person(given = c("Robert", "W"), family = "Williams", role = "aut"), person(given = "Pjotr", family = "Prins", role = "aut")) as necessary. Flavors: r-devel-linux-x86_64-debian-clang, r-devel-linux-x86_64-debian-gcc