Last updated on 2025-11-24 00:48:38 CET.
| Flavor | Version | Tinstall | Tcheck | Ttotal | Status | Flags |
|---|---|---|---|---|---|---|
| r-devel-linux-x86_64-debian-clang | 0.9-4 | 9.40 | 26.88 | 36.28 | NOTE | |
| r-devel-linux-x86_64-debian-gcc | 0.9-4 | 6.92 | 21.53 | 28.45 | NOTE | |
| r-devel-linux-x86_64-fedora-clang | 0.9-4 | 20.00 | 37.71 | 57.71 | OK | |
| r-devel-windows-x86_64 | 0.9-4 | 14.00 | 59.00 | 73.00 | OK | |
| r-patched-linux-x86_64 | 0.9-4 | 9.06 | 25.70 | 34.76 | OK | |
| r-release-linux-x86_64 | 0.9-4 | 10.38 | 25.58 | 35.96 | OK | |
| r-release-macos-arm64 | 0.9-4 | OK | ||||
| r-release-macos-x86_64 | 0.9-4 | 8.00 | 27.00 | 35.00 | OK | |
| r-release-windows-x86_64 | 0.9-4 | 12.00 | 69.00 | 81.00 | OK | |
| r-oldrel-macos-arm64 | 0.9-4 | OK | ||||
| r-oldrel-macos-x86_64 | 0.9-4 | 7.00 | 23.00 | 30.00 | OK | |
| r-oldrel-windows-x86_64 | 0.9-4 | 13.00 | 67.00 | 80.00 | OK |
Version: 0.9-4
Check: CRAN incoming feasibility
Result: NOTE
Maintainer: ‘Carsten Franz <carsten.franz@gmail.com>’
No Authors@R field in DESCRIPTION.
Please add one, modifying
Authors@R: person(given = "Carsten",
family = "Franz",
role = c("aut", "cre"),
email = "carsten.franz@gmail.com")
as necessary.
Flavors: r-devel-linux-x86_64-debian-clang, r-devel-linux-x86_64-debian-gcc