Last updated on 2025-11-24 00:48:38 CET.
| Flavor | Version | Tinstall | Tcheck | Ttotal | Status | Flags |
|---|---|---|---|---|---|---|
| r-devel-linux-x86_64-debian-clang | 0.3.6 | 16.21 | 126.75 | 142.96 | NOTE | |
| r-devel-linux-x86_64-debian-gcc | 0.3.6 | 12.33 | 87.88 | 100.21 | NOTE | |
| r-devel-linux-x86_64-fedora-clang | 0.3.6 | 36.00 | 181.87 | 217.87 | OK | |
| r-devel-windows-x86_64 | 0.3.6 | 20.00 | 124.00 | 144.00 | OK | |
| r-patched-linux-x86_64 | 0.3.6 | 15.52 | 122.28 | 137.80 | OK | |
| r-release-linux-x86_64 | 0.3.6 | 15.04 | 122.21 | 137.25 | OK | |
| r-release-macos-arm64 | 0.3.6 | OK | ||||
| r-release-macos-x86_64 | 0.3.6 | 13.00 | 98.00 | 111.00 | OK | |
| r-release-windows-x86_64 | 0.3.6 | 18.00 | 138.00 | 156.00 | OK | |
| r-oldrel-macos-arm64 | 0.3.6 | OK | ||||
| r-oldrel-macos-x86_64 | 0.3.6 | 9.00 | 67.00 | 76.00 | OK | |
| r-oldrel-windows-x86_64 | 0.3.6 | 22.00 | 157.00 | 179.00 | OK |
Version: 0.3.6
Check: CRAN incoming feasibility
Result: NOTE
Maintainer: ‘Quentin Giai Gianetto <quentin2g@yahoo.fr>’
No Authors@R field in DESCRIPTION.
Please add one, modifying
Authors@R: c(person(given = c("Quentin", "Giai"),
family = "Gianetto",
role = c("aut", "cre"),
email = "quentin2g@yahoo.fr"),
person(given = "Florence",
family = "Combes",
role = "aut"),
person(given = "Claire",
family = "Ramus",
role = "aut"),
person(given = "Christophe",
family = "Bruley",
role = "aut"),
person(given = "Yohann",
family = "Couté",
role = "aut"),
person(given = "Thomas",
family = "Burger",
role = "aut"))
as necessary.
Flavors: r-devel-linux-x86_64-debian-clang, r-devel-linux-x86_64-debian-gcc