Last updated on 2025-11-24 00:48:38 CET.
| Flavor | Version | Tinstall | Tcheck | Ttotal | Status | Flags |
|---|---|---|---|---|---|---|
| r-devel-linux-x86_64-debian-clang | 0.95 | 2.74 | 74.92 | 77.66 | NOTE | |
| r-devel-linux-x86_64-debian-gcc | 0.95 | 2.28 | 60.31 | 62.59 | NOTE | |
| r-devel-linux-x86_64-fedora-clang | 0.95 | 96.14 | NOTE | |||
| r-devel-windows-x86_64 | 0.95 | 7.00 | 68.00 | 75.00 | NOTE | |
| r-patched-linux-x86_64 | 0.95 | 3.09 | 70.37 | 73.46 | NOTE | |
| r-release-linux-x86_64 | 0.95 | 2.50 | 70.71 | 73.21 | NOTE | |
| r-release-macos-arm64 | 0.95 | NOTE | ||||
| r-release-macos-x86_64 | 0.95 | 3.00 | 58.00 | 61.00 | NOTE | |
| r-release-windows-x86_64 | 0.95 | 4.00 | 65.00 | 69.00 | NOTE | |
| r-oldrel-macos-arm64 | 0.95 | OK | ||||
| r-oldrel-macos-x86_64 | 0.95 | 3.00 | 94.00 | 97.00 | OK | |
| r-oldrel-windows-x86_64 | 0.95 | 8.00 | 76.00 | 84.00 | OK |
Version: 0.95
Check: DESCRIPTION meta-information
Result: NOTE
Missing dependency on R >= 4.1.0 because package code uses the pipe
|> or function shorthand \(...) syntax added in R 4.1.0.
File(s) using such syntax:
‘corrRect.hclust.Rd’
Flavors: r-devel-linux-x86_64-debian-clang, r-devel-linux-x86_64-debian-gcc, r-devel-linux-x86_64-fedora-clang, r-devel-windows-x86_64, r-patched-linux-x86_64, r-release-linux-x86_64, r-release-macos-arm64, r-release-macos-x86_64, r-release-windows-x86_64