Last updated on 2025-11-03 00:49:56 CET.
| Flavor | Version | Tinstall | Tcheck | Ttotal | Status | Flags | 
|---|---|---|---|---|---|---|
| r-devel-linux-x86_64-debian-clang | 0.2.5 | 4.85 | 46.27 | 51.12 | NOTE | |
| r-devel-linux-x86_64-debian-gcc | 0.2.5 | 3.43 | 32.38 | 35.81 | NOTE | |
| r-devel-linux-x86_64-fedora-clang | 0.2.5 | 75.30 | OK | |||
| r-devel-linux-x86_64-fedora-gcc | 0.2.5 | 12.00 | 57.83 | 69.83 | OK | |
| r-devel-windows-x86_64 | 0.2.5 | 6.00 | 72.00 | 78.00 | OK | |
| r-patched-linux-x86_64 | 0.2.5 | 5.79 | 42.60 | 48.39 | OK | |
| r-release-linux-x86_64 | 0.2.5 | 4.68 | 43.24 | 47.92 | OK | |
| r-release-macos-arm64 | 0.2.5 | 2.00 | 24.00 | 26.00 | OK | |
| r-release-macos-x86_64 | 0.2.5 | 6.00 | 41.00 | 47.00 | OK | |
| r-release-windows-x86_64 | 0.2.5 | 7.00 | 71.00 | 78.00 | OK | |
| r-oldrel-macos-arm64 | 0.2.5 | 2.00 | 22.00 | 24.00 | NOTE | |
| r-oldrel-macos-x86_64 | 0.2.5 | 4.00 | 37.00 | 41.00 | NOTE | |
| r-oldrel-windows-x86_64 | 0.2.5 | 7.00 | 84.00 | 91.00 | NOTE | 
Version: 0.2.5
Check: CRAN incoming feasibility
Result: NOTE
  Maintainer: ‘Ben C. Ubah <ubah.ben22@gmail.com>’
  
  No Authors@R field in DESCRIPTION.
  Please add one, modifying
    Authors@R: person(given = c("Ben", "C."),
                      family = "Ubah",
                      role = c("aut", "cre"),
                      email = "ubah.ben22@gmail.com")
  as necessary.
Flavors: r-devel-linux-x86_64-debian-clang, r-devel-linux-x86_64-debian-gcc
Version: 0.2.5
Check: LazyData
Result: NOTE
    'LazyData' is specified without a 'data' directory
Flavors: r-oldrel-macos-arm64, r-oldrel-macos-x86_64, r-oldrel-windows-x86_64