Last updated on 2025-11-24 00:48:37 CET.
| Flavor | Version | Tinstall | Tcheck | Ttotal | Status | Flags |
|---|---|---|---|---|---|---|
| r-devel-linux-x86_64-debian-clang | 3.5.1-3 | 20.29 | 57.61 | 77.90 | NOTE | |
| r-devel-linux-x86_64-debian-gcc | 3.5.1-3 | 19.95 | 41.90 | 61.85 | NOTE | |
| r-devel-linux-x86_64-fedora-clang | 3.5.1-3 | 33.00 | 98.01 | 131.01 | OK | |
| r-devel-windows-x86_64 | 3.5.1-3 | 37.00 | 83.00 | 120.00 | OK | |
| r-patched-linux-x86_64 | 3.5.1-3 | 29.19 | 53.57 | 82.76 | OK | |
| r-release-linux-x86_64 | 3.5.1-3 | 28.04 | 53.16 | 81.20 | OK | |
| r-release-macos-arm64 | 3.5.1-3 | OK | ||||
| r-release-macos-x86_64 | 3.5.1-3 | 23.00 | 84.00 | 107.00 | OK | |
| r-release-windows-x86_64 | 3.5.1-3 | 30.00 | 92.00 | 122.00 | OK | |
| r-oldrel-macos-arm64 | 3.5.1-3 | OK | ||||
| r-oldrel-macos-x86_64 | 3.5.1-3 | 11.00 | 53.00 | 64.00 | OK | |
| r-oldrel-windows-x86_64 | 3.5.1-3 | 30.00 | 97.00 | 127.00 | OK |
Version: 3.5.1-3
Check: CRAN incoming feasibility
Result: NOTE
Maintainer: ‘David Cortes <david.cortes.rivera@gmail.com>’
The Description field contains
extensions of the original model (Cortes, (2018) <arXiv:1809.00366>)
'implicit features' (Rendle, Zhang, Koren, (2019) <arXiv:1905.01395>),
Please refer to arXiv e-prints via their arXiv DOI <doi:10.48550/arXiv.YYMM.NNNNN>.
Flavors: r-devel-linux-x86_64-debian-clang, r-devel-linux-x86_64-debian-gcc