Last updated on 2024-04-29 01:48:46 CEST.
Flavor | Version | Tinstall | Tcheck | Ttotal | Status | Flags |
---|---|---|---|---|---|---|
r-devel-linux-x86_64-debian-clang | 0.5.10 | 7.31 | 303.20 | 310.51 | NOTE | |
r-devel-linux-x86_64-debian-gcc | 0.5.10 | 5.30 | 239.81 | 245.11 | NOTE | |
r-devel-linux-x86_64-fedora-clang | 0.5.10 | 383.68 | NOTE | |||
r-devel-linux-x86_64-fedora-gcc | 0.5.10 | 287.74 | NOTE | |||
r-devel-windows-x86_64 | 0.5.10 | 7.00 | 245.00 | 252.00 | NOTE | |
r-patched-linux-x86_64 | 0.5.10 | 8.60 | 309.36 | 317.96 | NOTE | |
r-release-linux-x86_64 | 0.5.10 | 7.15 | 316.96 | 324.11 | NOTE | |
r-release-macos-arm64 | 0.5.10 | 107.00 | NOTE | |||
r-release-windows-x86_64 | 0.5.10 | 7.00 | 248.00 | 255.00 | NOTE | |
r-oldrel-macos-arm64 | 0.5.10 | 149.00 | OK | |||
r-oldrel-macos-x86_64 | 0.5.10 | 368.00 | OK | |||
r-oldrel-windows-x86_64 | 0.5.10 | 8.00 | 305.00 | 313.00 | OK |
Version: 0.5.10
Check: Rd files
Result: NOTE
checkRd: (-1) impute_covariance_matrix.Rd:74-79: Lost braces in \itemize; meant \describe ?
checkRd: (-1) impute_covariance_matrix.Rd:80-87: Lost braces in \itemize; meant \describe ?
checkRd: (-1) impute_covariance_matrix.Rd:88-98: Lost braces in \itemize; meant \describe ?
Flavors: r-devel-linux-x86_64-debian-clang, r-devel-linux-x86_64-debian-gcc, r-devel-linux-x86_64-fedora-clang, r-devel-linux-x86_64-fedora-gcc, r-devel-windows-x86_64, r-patched-linux-x86_64, r-release-linux-x86_64, r-release-macos-arm64, r-release-windows-x86_64