CRAN Package Check Results for Package cargo

Last updated on 2025-11-24 00:48:37 CET.

Flavor Version Tinstall Tcheck Ttotal Status Flags
r-devel-linux-x86_64-debian-clang 0.4.9 1.92 22.53 24.45 NOTE
r-devel-linux-x86_64-debian-gcc 0.4.9 1.78 18.77 20.55 NOTE
r-devel-linux-x86_64-fedora-clang 0.4.9 37.55 NOTE
r-devel-windows-x86_64 0.4.9 4.00 42.00 46.00 NOTE
r-patched-linux-x86_64 0.4.9 2.25 20.99 23.24 NOTE
r-release-linux-x86_64 0.4.9 1.95 21.18 23.13 NOTE
r-release-macos-arm64 0.4.9 NOTE
r-release-macos-x86_64 0.4.9 2.00 24.00 26.00 NOTE
r-release-windows-x86_64 0.4.9 4.00 51.00 55.00 NOTE
r-oldrel-macos-arm64 0.4.9 NOTE
r-oldrel-macos-x86_64 0.4.9 2.00 21.00 23.00 NOTE
r-oldrel-windows-x86_64 0.4.9 4.00 45.00 49.00 NOTE

Check Details

Version: 0.4.9
Check: Rd files
Result: NOTE checkRd: (-1) build_for_cran.Rd:13: Lost braces 13 | The exit status code{R CMD build}, invisibly. | ^ Flavors: r-devel-linux-x86_64-debian-clang, r-devel-linux-x86_64-debian-gcc, r-devel-linux-x86_64-fedora-clang, r-devel-windows-x86_64, r-patched-linux-x86_64, r-release-linux-x86_64, r-release-macos-arm64, r-release-macos-x86_64, r-release-windows-x86_64, r-oldrel-macos-arm64, r-oldrel-macos-x86_64, r-oldrel-windows-x86_64