Last updated on 2025-05-09 01:49:59 CEST.
Flavor | Version | Tinstall | Tcheck | Ttotal | Status | Flags |
---|---|---|---|---|---|---|
r-devel-linux-x86_64-debian-clang | 0.3.0 | 10.05 | 88.78 | 98.83 | NOTE | |
r-devel-linux-x86_64-debian-gcc | 0.3.0 | 7.58 | 64.16 | 71.74 | NOTE | |
r-devel-linux-x86_64-fedora-clang | 0.3.0 | 153.98 | NOTE | |||
r-devel-linux-x86_64-fedora-gcc | 0.3.0 | 141.79 | NOTE | |||
r-devel-windows-x86_64 | 0.3.0 | 12.00 | 90.00 | 102.00 | NOTE | |
r-patched-linux-x86_64 | 0.3.0 | 9.55 | 81.91 | 91.46 | NOTE | |
r-release-linux-x86_64 | 0.3.0 | 9.48 | 82.21 | 91.69 | NOTE | |
r-release-macos-arm64 | 0.3.0 | 53.00 | NOTE | |||
r-release-macos-x86_64 | 0.3.0 | 78.00 | NOTE | |||
r-release-windows-x86_64 | 0.3.0 | 12.00 | 90.00 | 102.00 | NOTE | |
r-oldrel-macos-arm64 | 0.3.0 | 44.00 | OK | |||
r-oldrel-macos-x86_64 | 0.3.0 | 87.00 | OK | |||
r-oldrel-windows-x86_64 | 0.3.0 | 15.00 | 116.00 | 131.00 | OK |
Version: 0.3.0
Check: DESCRIPTION meta-information
Result: NOTE
Missing dependency on R >= 4.1.0 because package code uses the pipe
|> or function shorthand \(...) syntax added in R 4.1.0.
File(s) using such syntax:
‘plot.R’ ‘utils.R’
Flavors: r-devel-linux-x86_64-debian-clang, r-devel-linux-x86_64-debian-gcc, r-devel-linux-x86_64-fedora-clang, r-devel-linux-x86_64-fedora-gcc, r-devel-windows-x86_64, r-patched-linux-x86_64, r-release-linux-x86_64, r-release-macos-arm64, r-release-macos-x86_64, r-release-windows-x86_64