Last updated on 2025-07-18 01:49:09 CEST.
Flavor | Version | Tinstall | Tcheck | Ttotal | Status | Flags |
---|---|---|---|---|---|---|
r-devel-linux-x86_64-debian-clang | 1.3.3 | 32.88 | 147.45 | 180.33 | NOTE | |
r-devel-linux-x86_64-debian-gcc | 1.3.3 | 21.59 | 99.70 | 121.29 | NOTE | |
r-devel-linux-x86_64-fedora-clang | 1.3.3 | 289.33 | OK | |||
r-devel-linux-x86_64-fedora-gcc | 1.3.3 | 276.62 | OK | |||
r-devel-windows-x86_64 | 1.3.3 | 29.00 | 161.00 | 190.00 | NOTE | |
r-patched-linux-x86_64 | 1.3.3 | 35.58 | 139.77 | 175.35 | NOTE | |
r-release-linux-x86_64 | 1.3.3 | 34.11 | 139.22 | 173.33 | NOTE | |
r-release-macos-arm64 | 1.3.3 | 78.00 | OK | |||
r-release-macos-x86_64 | 1.3.3 | 187.00 | OK | |||
r-release-windows-x86_64 | 1.3.3 | 29.00 | 160.00 | 189.00 | NOTE | |
r-oldrel-macos-arm64 | 1.3.3 | 78.00 | OK | |||
r-oldrel-macos-x86_64 | 1.3.3 | 162.00 | OK | |||
r-oldrel-windows-x86_64 | 1.3.3 | 43.00 | 210.00 | 253.00 | OK |
Version: 1.3.3
Check: Rd cross-references
Result: NOTE
Found the following Rd file(s) with Rd \link{} targets missing package
anchors:
bizicount.Rd: DHARMa
zic.reg.Rd: DHARMa
Please provide package anchors for all Rd \link{} targets not in the
package itself and the base packages.
Flavors: r-devel-linux-x86_64-debian-clang, r-devel-linux-x86_64-debian-gcc, r-devel-windows-x86_64, r-patched-linux-x86_64, r-release-linux-x86_64, r-release-windows-x86_64