CRAN Package Check Results for Package bigstatsr

Last updated on 2025-06-27 01:49:27 CEST.

Flavor Version Tinstall Tcheck Ttotal Status Flags
r-devel-linux-x86_64-debian-clang 1.6.1 141.76 210.11 351.87 OK
r-devel-linux-x86_64-debian-gcc 1.6.1 105.87 145.47 251.34 OK
r-devel-linux-x86_64-fedora-clang 1.6.1 605.31 OK
r-devel-linux-x86_64-fedora-gcc 1.6.1 581.05 OK
r-devel-windows-x86_64 1.6.1 221.00 246.00 467.00 OK
r-patched-linux-x86_64 OK
r-release-linux-x86_64 1.6.1 146.52 198.87 345.39 OK
r-release-macos-arm64 1.6.1 170.00 OK
r-release-macos-x86_64 1.6.1 299.00 OK
r-release-windows-x86_64 1.6.1 225.00 246.00 471.00 OK
r-oldrel-macos-arm64 1.6.1 149.00 NOTE
r-oldrel-macos-x86_64 1.6.1 267.00 NOTE
r-oldrel-windows-x86_64 1.6.1 250.00 333.00 583.00 OK

Check Details

Version: 1.6.1
Check: installed package size
Result: NOTE installed size is 13.6Mb sub-directories of 1Mb or more: extdata 2.3Mb libs 10.5Mb Flavors: r-oldrel-macos-arm64, r-oldrel-macos-x86_64