Last updated on 2025-06-27 01:49:27 CEST.
Flavor | Version | Tinstall | Tcheck | Ttotal | Status | Flags |
---|---|---|---|---|---|---|
r-devel-linux-x86_64-debian-clang | 1.2.2 | 83.97 | 40.98 | 124.95 | OK | |
r-devel-linux-x86_64-debian-gcc | 1.2.2 | 64.74 | 32.26 | 97.00 | OK | |
r-devel-linux-x86_64-fedora-gcc | 1.2.2 | 214.65 | OK | |||
r-devel-windows-x86_64 | 1.2.2 | 583.00 | 229.00 | 812.00 | OK | |
r-patched-linux-x86_64 | OK | |||||
r-release-linux-x86_64 | 1.2.2 | 89.95 | 37.35 | 127.30 | OK | |
r-release-macos-arm64 | 1.2.2 | 77.00 | OK | |||
r-release-macos-x86_64 | 1.2.2 | 95.00 | OK | |||
r-release-windows-x86_64 | 1.2.2 | 580.00 | 228.00 | 808.00 | OK | |
r-oldrel-macos-arm64 | 1.2.2 | 74.00 | NOTE | |||
r-oldrel-macos-x86_64 | 1.2.2 | 87.00 | NOTE | |||
r-oldrel-windows-x86_64 | 1.2.2 | 571.00 | 274.00 | 845.00 | NOTE |
Version: 1.2.2
Check: installed package size
Result: NOTE
installed size is 28.2Mb
sub-directories of 1Mb or more:
libs 28.1Mb
Flavors: r-oldrel-macos-arm64, r-oldrel-macos-x86_64, r-oldrel-windows-x86_64