CRAN Package Check Results for Package augSIMEX

Last updated on 2025-06-27 01:49:26 CEST.

Flavor Version Tinstall Tcheck Ttotal Status Flags
r-devel-linux-x86_64-debian-clang 3.7.4 40.45 38.41 78.86 NOTE
r-devel-linux-x86_64-debian-gcc 3.7.4 28.64 29.92 58.56 NOTE
r-devel-linux-x86_64-fedora-clang 3.7.4 146.17 OK
r-devel-linux-x86_64-fedora-gcc 3.7.4 135.08 OK
r-devel-windows-x86_64 3.7.4 43.00 76.00 119.00 OK
r-patched-linux-x86_64 OK
r-release-linux-x86_64 3.7.4 39.71 35.97 75.68 OK
r-release-macos-arm64 3.7.4 36.00 OK
r-release-macos-x86_64 3.7.4 53.00 OK
r-release-windows-x86_64 3.7.4 43.00 76.00 119.00 OK
r-oldrel-macos-arm64 3.7.4 38.00 OK
r-oldrel-macos-x86_64 3.7.4 45.00 OK
r-oldrel-windows-x86_64 3.7.4 54.00 88.00 142.00 OK

Check Details

Version: 3.7.4
Check: CRAN incoming feasibility
Result: NOTE Maintainer: ‘Qihuang Zhang <qihuang.zhang@uwaterloo.ca>’ No Authors@R field in DESCRIPTION. Please add one, modifying Authors@R: c(person(given = "Qihuang", family = "Zhang", role = c("aut", "cre"), email = "qihuang.zhang@uwaterloo.ca"), person(given = c("Grace", "Y."), family = "Yi", role = "aut", email = "yyi@uwaterloo.ca")) as necessary. Flavors: r-devel-linux-x86_64-debian-clang, r-devel-linux-x86_64-debian-gcc