Last updated on 2025-05-09 01:49:59 CEST.
Flavor | Version | Tinstall | Tcheck | Ttotal | Status | Flags |
---|---|---|---|---|---|---|
r-devel-linux-x86_64-debian-clang | 2.0.1 | 17.66 | 126.02 | 143.68 | NOTE | |
r-devel-linux-x86_64-debian-gcc | 2.0.1 | 11.50 | 88.33 | 99.83 | NOTE | |
r-devel-linux-x86_64-fedora-clang | 2.0.1 | 229.02 | OK | |||
r-devel-linux-x86_64-fedora-gcc | 2.0.1 | 212.41 | OK | |||
r-devel-windows-x86_64 | 2.0.1 | 18.00 | 116.00 | 134.00 | OK | |
r-patched-linux-x86_64 | 2.0.1 | 16.77 | 118.55 | 135.32 | OK | |
r-release-linux-x86_64 | 2.0.1 | 16.74 | 119.08 | 135.82 | OK | |
r-release-macos-arm64 | 2.0.1 | 53.00 | OK | |||
r-release-macos-x86_64 | 2.0.1 | 129.00 | OK | |||
r-release-windows-x86_64 | 2.0.1 | 19.00 | 115.00 | 134.00 | OK | |
r-oldrel-macos-arm64 | 2.0.1 | 54.00 | OK | |||
r-oldrel-macos-x86_64 | 2.0.1 | 88.00 | OK | |||
r-oldrel-windows-x86_64 | 2.0.1 | 24.00 | 144.00 | 168.00 | OK |
Version: 2.0.1
Check: CRAN incoming feasibility
Result: NOTE
Maintainer: ‘Giancarlo Vercellino <giancarlo.vercellino@gmail.com>’
No Authors@R field in DESCRIPTION.
Please add one, modifying
Authors@R: person(given = "Giancarlo",
family = "Vercellino",
role = c("aut", "cre"),
email = "giancarlo.vercellino@gmail.com")
as necessary.
Flavors: r-devel-linux-x86_64-debian-clang, r-devel-linux-x86_64-debian-gcc