Last updated on 2025-11-24 00:48:35 CET.
| Flavor | Version | Tinstall | Tcheck | Ttotal | Status | Flags |
|---|---|---|---|---|---|---|
| r-devel-linux-x86_64-debian-clang | 0.9.8.1 | 37.60 | 213.02 | 250.62 | NOTE | |
| r-devel-linux-x86_64-debian-gcc | 0.9.8.1 | 27.93 | 133.82 | 161.75 | NOTE | |
| r-devel-linux-x86_64-fedora-clang | 0.9.8.1 | 81.00 | 342.65 | 423.65 | NOTE | |
| r-devel-windows-x86_64 | 0.9.8.1 | 44.00 | 181.00 | 225.00 | NOTE | |
| r-patched-linux-x86_64 | 0.9.8.1 | 39.22 | 206.17 | 245.39 | NOTE | |
| r-release-linux-x86_64 | 0.9.8.1 | 38.11 | 207.51 | 245.62 | NOTE | |
| r-release-macos-arm64 | 0.9.8.1 | NOTE | ||||
| r-release-macos-x86_64 | 0.9.8.1 | 31.00 | 143.00 | 174.00 | NOTE | |
| r-release-windows-x86_64 | 0.9.8.1 | 40.00 | 207.00 | 247.00 | NOTE | |
| r-oldrel-macos-arm64 | 0.9.8.1 | NOTE | ||||
| r-oldrel-macos-x86_64 | 0.9.8.1 | 25.00 | 117.00 | 142.00 | NOTE | |
| r-oldrel-windows-x86_64 | 0.9.8.1 | 51.00 | 249.00 | 300.00 | NOTE |
Version: 0.9.8.1
Check: Rd files
Result: NOTE
checkRd: (-1) ataCoKriging.Rd:52: Lost braces; missing escapes or markup?
52 | only one contrained condition for all points and all variables, \\sum_{i=1}^n\\lambda_i +\\sum_{j=1}^m\\beta_j =1, assuming expected means of variables known and constant with the study area.
| ^
checkRd: (-1) ataCoKriging.Rd:52: Lost braces; missing escapes or markup?
52 | only one contrained condition for all points and all variables, \\sum_{i=1}^n\\lambda_i +\\sum_{j=1}^m\\beta_j =1, assuming expected means of variables known and constant with the study area.
| ^
Flavors: r-devel-linux-x86_64-debian-clang, r-devel-linux-x86_64-debian-gcc, r-devel-linux-x86_64-fedora-clang, r-devel-windows-x86_64, r-patched-linux-x86_64, r-release-linux-x86_64, r-release-macos-arm64, r-release-macos-x86_64, r-release-windows-x86_64, r-oldrel-macos-arm64, r-oldrel-macos-x86_64, r-oldrel-windows-x86_64
Version: 0.9.8.1
Check: for unstated dependencies in ‘demo’
Result: NOTE
'library' or 'require' call not declared from: ‘sp’
Flavors: r-devel-linux-x86_64-debian-clang, r-devel-linux-x86_64-debian-gcc, r-patched-linux-x86_64, r-release-linux-x86_64