Last updated on 2025-07-18 01:49:30 CEST.
Flavor | Version | Tinstall | Tcheck | Ttotal | Status | Flags |
---|---|---|---|---|---|---|
r-devel-linux-x86_64-debian-clang | 0.1.1 | 2.37 | 32.84 | 35.21 | NOTE | |
r-devel-linux-x86_64-debian-gcc | 0.1.1 | 2.09 | 25.58 | 27.67 | NOTE | |
r-devel-linux-x86_64-fedora-clang | 0.1.1 | 54.70 | OK | |||
r-devel-linux-x86_64-fedora-gcc | 0.1.1 | 81.07 | OK | |||
r-devel-windows-x86_64 | 0.1.1 | 3.00 | 103.00 | 106.00 | OK | |
r-patched-linux-x86_64 | 0.1.1 | 2.55 | 31.97 | 34.52 | OK | |
r-release-linux-x86_64 | 0.1.1 | 2.12 | 30.73 | 32.85 | OK | |
r-release-macos-arm64 | 0.1.1 | 49.00 | OK | |||
r-release-macos-x86_64 | 0.1.1 | 85.00 | OK | |||
r-release-windows-x86_64 | 0.1.1 | 3.00 | 147.00 | 150.00 | OK | |
r-oldrel-macos-arm64 | 0.1.1 | 34.00 | OK | |||
r-oldrel-macos-x86_64 | 0.1.1 | 84.00 | OK | |||
r-oldrel-windows-x86_64 | 0.1.1 | 3.00 | 170.00 | 173.00 | OK |
Version: 0.1.1
Check: CRAN incoming feasibility
Result: NOTE
Maintainer: ‘Jacques Allard <jacques.allard@gmail.com>’
No Authors@R field in DESCRIPTION.
Please add one, modifying
Authors@R: c(person(given = "Jacques",
family = "Allard",
role = c("aut", "cre"),
email = "jacques.allard@gmail.com"),
person(given = "Vartan",
family = "Choulakian",
role = "aut"))
as necessary.
Flavors: r-devel-linux-x86_64-debian-clang, r-devel-linux-x86_64-debian-gcc