Last updated on 2025-11-03 00:50:19 CET.
| Flavor | Version | Tinstall | Tcheck | Ttotal | Status | Flags | 
|---|---|---|---|---|---|---|
| r-devel-linux-x86_64-debian-clang | 1.0 | 4.54 | 31.43 | 35.97 | NOTE | |
| r-devel-linux-x86_64-debian-gcc | 1.0 | 3.16 | 24.11 | 27.27 | NOTE | |
| r-devel-linux-x86_64-fedora-clang | 1.0 | 11.00 | 44.86 | 55.86 | OK | |
| r-devel-linux-x86_64-fedora-gcc | 1.0 | 53.29 | OK | |||
| r-devel-windows-x86_64 | 1.0 | 6.00 | 46.00 | 52.00 | OK | |
| r-patched-linux-x86_64 | 1.0 | 4.77 | 29.44 | 34.21 | OK | |
| r-release-linux-x86_64 | 1.0 | 4.70 | 29.57 | 34.27 | OK | |
| r-release-macos-arm64 | 1.0 | 2.00 | 17.00 | 19.00 | OK | |
| r-release-macos-x86_64 | 1.0 | 6.00 | 29.00 | 35.00 | OK | |
| r-release-windows-x86_64 | 1.0 | 6.00 | 46.00 | 52.00 | OK | |
| r-oldrel-macos-arm64 | 1.0 | 2.00 | 15.00 | 17.00 | OK | |
| r-oldrel-macos-x86_64 | 1.0 | 5.00 | 29.00 | 34.00 | OK | |
| r-oldrel-windows-x86_64 | 1.0 | 8.00 | 54.00 | 62.00 | OK | 
Version: 1.0
Check: CRAN incoming feasibility
Result: NOTE
  Maintainer: ‘Hanwen Zhang <hanwengutierrez@gmail.com>’
  
  No Authors@R field in DESCRIPTION.
  Please add one, modifying
    Authors@R: c(person(given = "Hanwen",
                        family = "Zhang",
                        role = c("aut", "cre"),
                        email = "hanwengutierrez@gmail.com"),
                 person(given = c("Fabio", "H."),
                        family = "Nieto",
                        role = "aut"))
  as necessary.
Flavors: r-devel-linux-x86_64-debian-clang, r-devel-linux-x86_64-debian-gcc