Last updated on 2025-11-03 00:50:18 CET.
| Flavor | Version | Tinstall | Tcheck | Ttotal | Status | Flags | 
|---|---|---|---|---|---|---|
| r-devel-linux-x86_64-debian-clang | 1.0 | 29.37 | 66.80 | 96.17 | OK | |
| r-devel-linux-x86_64-debian-gcc | 1.0 | 22.46 | 51.31 | 73.77 | OK | |
| r-devel-linux-x86_64-fedora-clang | 1.0 | 57.00 | 98.49 | 155.49 | OK | |
| r-devel-linux-x86_64-fedora-gcc | 1.0 | 68.00 | 87.40 | 155.40 | OK | |
| r-devel-windows-x86_64 | 1.0 | 34.00 | 90.00 | 124.00 | OK | |
| r-patched-linux-x86_64 | 1.0 | 31.53 | 66.19 | 97.72 | OK | |
| r-release-linux-x86_64 | 1.0 | 32.18 | 66.43 | 98.61 | OK | |
| r-release-macos-arm64 | 1.0 | 17.00 | 48.00 | 65.00 | OK | |
| r-release-macos-x86_64 | 1.0 | 24.00 | 76.00 | 100.00 | OK | |
| r-release-windows-x86_64 | 1.0 | 36.00 | 89.00 | 125.00 | OK | |
| r-oldrel-macos-arm64 | 1.0 | 16.00 | 32.00 | 48.00 | NOTE | |
| r-oldrel-macos-x86_64 | 1.0 | 25.00 | 58.00 | 83.00 | NOTE | |
| r-oldrel-windows-x86_64 | 1.0 | 43.00 | 115.00 | 158.00 | OK | 
Version: 1.0
Check: installed package size
Result: NOTE
    installed size is  6.7Mb
    sub-directories of 1Mb or more:
      libs   6.5Mb
Flavors: r-oldrel-macos-arm64, r-oldrel-macos-x86_64