Last updated on 2025-05-09 01:50:20 CEST.
Flavor | Version | Tinstall | Tcheck | Ttotal | Status | Flags |
---|---|---|---|---|---|---|
r-devel-linux-x86_64-debian-clang | 0.1.9 | 55.11 | 454.64 | 509.75 | NOTE | |
r-devel-linux-x86_64-debian-gcc | 0.1.9 | 40.98 | 343.70 | 384.68 | NOTE | |
r-devel-linux-x86_64-fedora-clang | 0.1.9 | 845.92 | OK | |||
r-devel-linux-x86_64-fedora-gcc | 0.1.9 | 796.39 | OK | |||
r-devel-windows-x86_64 | 0.1.9 | 56.00 | 584.00 | 640.00 | OK | |
r-patched-linux-x86_64 | 0.1.9 | 53.32 | 429.16 | 482.48 | OK | |
r-release-linux-x86_64 | 0.1.9 | 51.02 | 431.59 | 482.61 | OK | |
r-release-macos-arm64 | 0.1.9 | 297.00 | OK | |||
r-release-macos-x86_64 | 0.1.9 | 7.00 | ERROR | |||
r-release-windows-x86_64 | 0.1.9 | 41.00 | 5.00 | 46.00 | ERROR | |
r-oldrel-macos-arm64 | 0.1.9 | 223.00 | OK | |||
r-oldrel-macos-x86_64 | 0.1.9 | 322.00 | NOTE | |||
r-oldrel-windows-x86_64 | 0.1.9 | 70.00 | 511.00 | 581.00 | OK |
Version: 0.1.9
Check: CRAN incoming feasibility
Result: NOTE
Maintainer: ‘Junwei Han <hanjunwei1981@163.com>’
No Authors@R field in DESCRIPTION.
Please add one, modifying
Authors@R: c(person(given = "Xudong",
family = "Han",
role = "aut"),
person(given = "Junwei",
family = "Han",
role = c("aut", "cre"),
email = "hanjunwei1981@163.com"),
person(given = "Chonghui",
family = "Liu",
role = "aut"))
as necessary.
Flavors: r-devel-linux-x86_64-debian-clang, r-devel-linux-x86_64-debian-gcc
Version: 0.1.9
Check: package dependencies
Result: ERROR
Package required but not available: ‘ChemmineR’
See section ‘The DESCRIPTION file’ in the ‘Writing R Extensions’
manual.
Flavor: r-release-macos-x86_64
Version: 0.1.9
Check: whether package can be installed
Result: ERROR
Installation failed.
Flavor: r-release-windows-x86_64
Version: 0.1.9
Check: installed package size
Result: NOTE
installed size is 5.7Mb
sub-directories of 1Mb or more:
data 5.0Mb
Flavor: r-oldrel-macos-x86_64