Last updated on 2025-11-03 00:50:17 CET.
| Flavor | Version | Tinstall | Tcheck | Ttotal | Status | Flags | 
|---|---|---|---|---|---|---|
| r-devel-linux-x86_64-debian-clang | 0.1.3 | 43.79 | 235.35 | 279.14 | NOTE | |
| r-devel-linux-x86_64-debian-gcc | 0.1.3 | 32.29 | 165.22 | 197.51 | NOTE | |
| r-devel-linux-x86_64-fedora-clang | 0.1.3 | 252.00 | 224.87 | 476.87 | OK | |
| r-devel-linux-x86_64-fedora-gcc | 0.1.3 | 210.00 | 236.75 | 446.75 | OK | |
| r-devel-windows-x86_64 | 0.1.3 | 48.00 | 215.00 | 263.00 | OK | |
| r-patched-linux-x86_64 | 0.1.3 | 42.45 | 227.04 | 269.49 | OK | |
| r-release-linux-x86_64 | 0.1.3 | 38.76 | 226.90 | 265.66 | OK | |
| r-release-macos-arm64 | 0.1.3 | 21.00 | 91.00 | 112.00 | OK | |
| r-release-macos-x86_64 | 0.1.3 | 35.00 | 164.00 | 199.00 | OK | |
| r-release-windows-x86_64 | 0.1.3 | 49.00 | 212.00 | 261.00 | OK | |
| r-oldrel-macos-arm64 | 0.1.3 | 19.00 | 86.00 | 105.00 | NOTE | |
| r-oldrel-macos-x86_64 | 0.1.3 | 27.00 | 130.00 | 157.00 | NOTE | |
| r-oldrel-windows-x86_64 | 0.1.3 | 62.00 | 288.00 | 350.00 | NOTE | 
Version: 0.1.3
Check: CRAN incoming feasibility
Result: NOTE
  Maintainer: ‘Jun Chen <Chen.Jun2@mayo.edu>’
  
  No Authors@R field in DESCRIPTION.
  Please add one, modifying
    Authors@R: c(person(given = "Jun",
                        family = "Chen",
                        role = c("aut", "cre"),
                        email = "Chen.Jun2@mayo.edu"),
                 person(given = "Ehsan",
                        family = "Behnam",
                        role = "aut",
                        email = "behnamgh@usc.edu"))
  as necessary.
Flavors: r-devel-linux-x86_64-debian-clang, r-devel-linux-x86_64-debian-gcc
Version: 0.1.3
Check: LazyData
Result: NOTE
    'LazyData' is specified without a 'data' directory
Flavors: r-oldrel-macos-arm64, r-oldrel-macos-x86_64, r-oldrel-windows-x86_64