Last updated on 2024-05-10 02:05:42 CEST.
Flavor | Version | Tinstall | Tcheck | Ttotal | Status | Flags |
---|---|---|---|---|---|---|
r-devel-linux-x86_64-debian-clang | 0.7.2 | 7.01 | 100.85 | 107.86 | NOTE | |
r-devel-linux-x86_64-debian-gcc | 0.7.2 | 4.32 | 74.89 | 79.21 | NOTE | |
r-devel-linux-x86_64-fedora-clang | 0.7.2 | 133.78 | NOTE | |||
r-devel-linux-x86_64-fedora-gcc | 0.7.2 | 168.93 | NOTE | |||
r-devel-windows-x86_64 | 0.7.2 | 9.00 | 99.00 | 108.00 | NOTE | |
r-patched-linux-x86_64 | 0.7.2 | 5.32 | 95.87 | 101.19 | NOTE | |
r-release-linux-x86_64 | 0.7.2 | 4.15 | 95.81 | 99.96 | NOTE | |
r-release-macos-arm64 | 0.7.2 | 48.00 | NOTE | |||
r-release-windows-x86_64 | 0.7.2 | 9.00 | 100.00 | 109.00 | NOTE | |
r-oldrel-macos-arm64 | 0.7.2 | 54.00 | OK | |||
r-oldrel-macos-x86_64 | 0.7.2 | 95.00 | OK | |||
r-oldrel-windows-x86_64 | 0.7.2 | 11.00 | 116.00 | 127.00 | OK |
Version: 0.7.2
Check: Rd files
Result: NOTE
checkRd: (-1) NAP.Rd:109: Lost braces
109 | bounds for P{X<Y}, based on two independent samples. \emph{The Annals of
| ^
Flavors: r-devel-linux-x86_64-debian-clang, r-devel-linux-x86_64-debian-gcc, r-devel-linux-x86_64-fedora-clang, r-devel-linux-x86_64-fedora-gcc, r-devel-windows-x86_64, r-patched-linux-x86_64, r-release-linux-x86_64, r-release-macos-arm64, r-release-windows-x86_64