Last updated on 2025-11-03 00:50:17 CET.
| Flavor | Version | Tinstall | Tcheck | Ttotal | Status | Flags | 
|---|---|---|---|---|---|---|
| r-devel-linux-x86_64-debian-clang | 0.3.12 | 51.72 | 37.58 | 89.30 | NOTE | |
| r-devel-linux-x86_64-debian-gcc | 0.3.12 | 35.59 | 32.36 | 67.95 | NOTE | |
| r-devel-linux-x86_64-fedora-clang | 0.3.12 | 69.00 | 89.09 | 158.09 | OK | |
| r-devel-linux-x86_64-fedora-gcc | 0.3.12 | 105.00 | 72.95 | 177.95 | OK | |
| r-devel-windows-x86_64 | 0.3.12 | 61.00 | 74.00 | 135.00 | OK | |
| r-patched-linux-x86_64 | 0.3.12 | 54.75 | 36.37 | 91.12 | OK | |
| r-release-linux-x86_64 | 0.3.12 | 53.05 | 36.39 | 89.44 | OK | |
| r-release-macos-arm64 | 0.3.12 | 21.00 | 37.00 | 58.00 | OK | |
| r-release-macos-x86_64 | 0.3.12 | 32.00 | 56.00 | 88.00 | OK | |
| r-release-windows-x86_64 | 0.3.12 | 57.00 | 72.00 | 129.00 | OK | |
| r-oldrel-macos-arm64 | 0.3.12 | 20.00 | 27.00 | 47.00 | NOTE | |
| r-oldrel-macos-x86_64 | 0.3.12 | 36.00 | 38.00 | 74.00 | NOTE | |
| r-oldrel-windows-x86_64 | 0.3.12 | 70.00 | 87.00 | 157.00 | NOTE | 
Version: 0.3.12
Check: CRAN incoming feasibility
Result: NOTE
  Maintainer: ‘Charlie Wusuo Liu <liuwusuo@gmail.com>’
  
  No Authors@R field in DESCRIPTION.
  Please add one, modifying
    Authors@R: person(given = c("Charlie", "Wusuo"),
                      family = "Liu",
                      role = c("aut", "cre"),
                      email = "liuwusuo@gmail.com")
  as necessary.
Flavors: r-devel-linux-x86_64-debian-clang, r-devel-linux-x86_64-debian-gcc
Version: 0.3.12
Check: installed package size
Result: NOTE
    installed size is  5.8Mb
    sub-directories of 1Mb or more:
      libs   5.5Mb
Flavors: r-oldrel-macos-arm64, r-oldrel-macos-x86_64
Version: 0.3.12
Check: for GNU extensions in Makefiles
Result: NOTE
  GNU make is a SystemRequirements.
Flavors: r-oldrel-macos-arm64, r-oldrel-macos-x86_64, r-oldrel-windows-x86_64