Last updated on 2025-11-24 00:48:53 CET.
| Flavor | Version | Tinstall | Tcheck | Ttotal | Status | Flags |
|---|---|---|---|---|---|---|
| r-devel-linux-x86_64-debian-clang | 0.1.0 | 1.91 | 20.27 | 22.18 | OK | |
| r-devel-linux-x86_64-debian-gcc | 0.1.0 | 1.49 | 16.56 | 18.05 | OK | |
| r-devel-linux-x86_64-fedora-clang | 0.1.0 | 31.94 | NOTE | |||
| r-devel-windows-x86_64 | 0.1.0 | 6.00 | 38.00 | 44.00 | OK | |
| r-patched-linux-x86_64 | 0.1.0 | 1.61 | 18.38 | 19.99 | OK | |
| r-release-linux-x86_64 | 0.1.0 | 1.83 | 18.59 | 20.42 | OK | |
| r-release-macos-arm64 | 0.1.0 | OK | ||||
| r-release-macos-x86_64 | 0.1.0 | 2.00 | 36.00 | 38.00 | OK | |
| r-release-windows-x86_64 | 0.1.0 | 4.00 | 38.00 | 42.00 | OK | |
| r-oldrel-macos-arm64 | 0.1.0 | OK | ||||
| r-oldrel-macos-x86_64 | 0.1.0 | 2.00 | 34.00 | 36.00 | OK | |
| r-oldrel-windows-x86_64 | 0.1.0 | 4.00 | 44.00 | 48.00 | OK |
Version: 0.1.0
Check: dependencies in R code
Result: NOTE
Namespaces in Imports field not imported from:
‘DT’ ‘bslib’ ‘shinythemes’
All declared Imports should be used.
Flavor: r-devel-linux-x86_64-fedora-clang