Last updated on 2025-07-21 01:49:17 CEST.
Flavor | Version | Tinstall | Tcheck | Ttotal | Status | Flags |
---|---|---|---|---|---|---|
r-devel-linux-x86_64-debian-clang | 5.2.1 | 6.02 | 40.38 | 46.40 | NOTE | |
r-devel-linux-x86_64-debian-gcc | 5.2.1 | 3.87 | 30.26 | 34.13 | NOTE | |
r-devel-linux-x86_64-fedora-clang | 5.2.1 | 71.23 | OK | |||
r-devel-linux-x86_64-fedora-gcc | 5.2.1 | 66.82 | OK | |||
r-devel-windows-x86_64 | 5.2.1 | 6.00 | 58.00 | 64.00 | OK | |
r-patched-linux-x86_64 | 5.2.1 | 5.24 | 38.45 | 43.69 | OK | |
r-release-linux-x86_64 | 5.2.1 | 5.37 | 38.25 | 43.62 | OK | |
r-release-macos-arm64 | 5.2.1 | 26.00 | OK | |||
r-release-macos-x86_64 | 5.2.1 | 37.00 | OK | |||
r-release-windows-x86_64 | 5.2.1 | 7.00 | 58.00 | 65.00 | OK | |
r-oldrel-macos-arm64 | 5.2.1 | 22.00 | OK | |||
r-oldrel-macos-x86_64 | 5.2.1 | 31.00 | OK | |||
r-oldrel-windows-x86_64 | 5.2.1 | 12.00 | 72.00 | 84.00 | OK |
Version: 5.2.1
Check: CRAN incoming feasibility
Result: NOTE
Maintainer: ‘Deniz Akdemir <deniz.akdemir.work@gmail.com>’
No Authors@R field in DESCRIPTION.
Please add one, modifying
Authors@R: person(given = "Deniz",
family = "Akdemir",
role = c("aut", "cre"),
email = "deniz.akdemir.work@gmail.com")
as necessary.
Flavors: r-devel-linux-x86_64-debian-clang, r-devel-linux-x86_64-debian-gcc