Last updated on 2025-11-24 00:48:53 CET.
| Flavor | Version | Tinstall | Tcheck | Ttotal | Status | Flags |
|---|---|---|---|---|---|---|
| r-devel-linux-x86_64-debian-clang | 0.1-33 | 3.56 | 21.04 | 24.60 | OK | |
| r-devel-linux-x86_64-debian-gcc | 0.1-33 | 2.83 | 17.52 | 20.35 | OK | |
| r-devel-linux-x86_64-fedora-clang | 0.1-33 | 38.70 | OK | |||
| r-devel-windows-x86_64 | 0.1-33 | 13.00 | 97.00 | 110.00 | OK | |
| r-patched-linux-x86_64 | 0.1-33 | 2.84 | 20.09 | 22.93 | OK | |
| r-release-linux-x86_64 | 0.1-33 | 2.77 | 20.07 | 22.84 | OK | |
| r-release-macos-arm64 | 0.1-33 | OK | ||||
| r-release-macos-x86_64 | 0.1-33 | 7.00 | 28.00 | 35.00 | OK | |
| r-release-windows-x86_64 | 0.1-33 | 15.00 | 91.00 | 106.00 | OK | |
| r-oldrel-macos-arm64 | 0.1-33 | NOTE | ||||
| r-oldrel-macos-x86_64 | 0.1-33 | 5.00 | 29.00 | 34.00 | OK | |
| r-oldrel-windows-x86_64 | 0.1-33 | 15.00 | 95.00 | 110.00 | NOTE |
Version: 0.1-33
Check: Rd cross-references
Result: NOTE
Package unavailable to check Rd xrefs: ‘Rglpk’
Flavor: r-oldrel-macos-arm64
Version: 0.1-33
Check: installed package size
Result: NOTE
installed size is 5.8Mb
sub-directories of 1Mb or more:
libs 5.8Mb
Flavor: r-oldrel-windows-x86_64