Last updated on 2025-11-03 00:50:13 CET.
| Flavor | Version | Tinstall | Tcheck | Ttotal | Status | Flags | 
|---|---|---|---|---|---|---|
| r-devel-linux-x86_64-debian-clang | 3.0.9 | 2.26 | 24.66 | 26.92 | NOTE | |
| r-devel-linux-x86_64-debian-gcc | 3.0.9 | 1.87 | 20.42 | 22.29 | NOTE | |
| r-devel-linux-x86_64-fedora-clang | 3.0.9 | 38.17 | OK | |||
| r-devel-linux-x86_64-fedora-gcc | 3.0.9 | 36.83 | OK | |||
| r-devel-windows-x86_64 | 3.0.9 | 4.00 | 45.00 | 49.00 | OK | |
| r-patched-linux-x86_64 | 3.0.9 | 2.39 | 22.41 | 24.80 | OK | |
| r-release-linux-x86_64 | 3.0.9 | 2.21 | 22.58 | 24.79 | OK | |
| r-release-macos-arm64 | 3.0.9 | 1.00 | 14.00 | 15.00 | OK | |
| r-release-macos-x86_64 | 3.0.9 | 2.00 | 23.00 | 25.00 | OK | |
| r-release-windows-x86_64 | 3.0.9 | 4.00 | 47.00 | 51.00 | OK | |
| r-oldrel-macos-arm64 | 3.0.9 | 1.00 | 15.00 | 16.00 | OK | |
| r-oldrel-macos-x86_64 | 3.0.9 | 2.00 | 21.00 | 23.00 | OK | |
| r-oldrel-windows-x86_64 | 3.0.9 | 6.00 | 53.00 | 59.00 | OK | 
Version: 3.0.9
Check: CRAN incoming feasibility
Result: NOTE
  Maintainer: ‘Ivan Rivera <ivan.s.rivera@gmail.com>’
  
  No Authors@R field in DESCRIPTION.
  Please add one, modifying
    Authors@R: person(given = "Ivan",
                      family = "Rivera",
                      role = c("aut", "cre"),
                      email = "ivan.s.rivera@gmail.com")
  as necessary.
Flavors: r-devel-linux-x86_64-debian-clang, r-devel-linux-x86_64-debian-gcc