Last updated on 2025-11-24 00:48:52 CET.
| Flavor | Version | Tinstall | Tcheck | Ttotal | Status | Flags |
|---|---|---|---|---|---|---|
| r-devel-linux-x86_64-debian-clang | 6.1 | 3.46 | 31.07 | 34.53 | OK | |
| r-devel-linux-x86_64-debian-gcc | 6.1 | 3.19 | 25.56 | 28.75 | OK | |
| r-devel-linux-x86_64-fedora-clang | 6.1 | 59.48 | OK | |||
| r-devel-windows-x86_64 | 6.1 | 63.00 | 75.00 | 138.00 | OK | |
| r-patched-linux-x86_64 | 6.1 | 3.83 | 28.83 | 32.66 | OK | |
| r-release-linux-x86_64 | 6.1 | 3.78 | 28.74 | 32.52 | OK | |
| r-release-macos-arm64 | 6.1 | OK | ||||
| r-release-macos-x86_64 | 6.1 | 11.00 | 134.00 | 145.00 | OK | |
| r-release-windows-x86_64 | 6.1 | 42.00 | 49.00 | 91.00 | OK | |
| r-oldrel-macos-arm64 | 6.1 | NOTE | ||||
| r-oldrel-macos-x86_64 | 6.1 | 14.00 | 123.00 | 137.00 | NOTE | |
| r-oldrel-windows-x86_64 | 6.1 | 55.00 | 58.00 | 113.00 | NOTE |
Version: 6.1
Check: installed package size
Result: NOTE
installed size is 47.7Mb
sub-directories of 1Mb or more:
include 47.5Mb
Flavors: r-oldrel-macos-arm64, r-oldrel-macos-x86_64, r-oldrel-windows-x86_64