Last updated on 2025-11-24 00:48:51 CET.
| Flavor | Version | Tinstall | Tcheck | Ttotal | Status | Flags |
|---|---|---|---|---|---|---|
| r-devel-linux-x86_64-debian-clang | 0.0.1 | 2.01 | 20.67 | 22.68 | NOTE | |
| r-devel-linux-x86_64-debian-gcc | 0.0.1 | 1.67 | 17.08 | 18.75 | NOTE | |
| r-devel-linux-x86_64-fedora-clang | 0.0.1 | 33.90 | OK | |||
| r-devel-windows-x86_64 | 0.0.1 | 5.00 | 38.00 | 43.00 | OK | |
| r-patched-linux-x86_64 | 0.0.1 | 2.34 | 19.28 | 21.62 | OK | |
| r-release-linux-x86_64 | 0.0.1 | 1.90 | 18.91 | 20.81 | OK | |
| r-release-macos-arm64 | 0.0.1 | OK | ||||
| r-release-macos-x86_64 | 0.0.1 | 2.00 | 21.00 | 23.00 | OK | |
| r-release-windows-x86_64 | 0.0.1 | 4.00 | 61.00 | 65.00 | OK | |
| r-oldrel-macos-arm64 | 0.0.1 | OK | ||||
| r-oldrel-macos-x86_64 | 0.0.1 | 2.00 | 18.00 | 20.00 | OK | |
| r-oldrel-windows-x86_64 | 0.0.1 | 3.00 | 43.00 | 46.00 | OK |
Version: 0.0.1
Check: CRAN incoming feasibility
Result: NOTE
Maintainer: ‘Jay Burns <jay.burns@sruc.ac.uk>’
Package CITATION file contains call(s) to old-style citEntry(). Please
use bibentry() instead.
Flavors: r-devel-linux-x86_64-debian-clang, r-devel-linux-x86_64-debian-gcc