Last updated on 2025-11-24 00:48:53 CET.
| Flavor | Version | Tinstall | Tcheck | Ttotal | Status | Flags |
|---|---|---|---|---|---|---|
| r-devel-linux-x86_64-debian-clang | 0.4-46 | 8.39 | 91.35 | 99.74 | OK | |
| r-devel-linux-x86_64-debian-gcc | 0.4-46 | 6.18 | 70.50 | 76.68 | OK | |
| r-devel-linux-x86_64-fedora-clang | 0.4-46 | 18.00 | 136.56 | 154.56 | NOTE | |
| r-devel-windows-x86_64 | 0.4-46 | 14.00 | 111.00 | 125.00 | OK | |
| r-patched-linux-x86_64 | 0.4-46 | 8.07 | 86.06 | 94.13 | OK | |
| r-release-linux-x86_64 | 0.4-46 | 7.18 | 85.80 | 92.98 | OK | |
| r-release-macos-arm64 | 0.4-46 | NOTE | ||||
| r-release-macos-x86_64 | 0.4-46 | 9.00 | 86.00 | 95.00 | NOTE | |
| r-release-windows-x86_64 | 0.4-46 | 11.00 | 125.00 | 136.00 | OK | |
| r-oldrel-macos-arm64 | 0.4-46 | OK | ||||
| r-oldrel-macos-x86_64 | 0.4-46 | 7.00 | 64.00 | 71.00 | OK | |
| r-oldrel-windows-x86_64 | 0.4-46 | 11.00 | 124.00 | 135.00 | OK |
Version: 0.4-46
Check: tests
Result: NOTE
Running ‘data_exchange.R’
Comparing ‘data_exchange.Rout’ to ‘data_exchange.Rout.save’ ...136c136
< 1 2012-12-12 12:12:12 2012-12-12 12:12:12
---
> 1 2012-12-12 12:12:12 2012-12-12 13:12:12
159c159
< 1 2012-12-12 12:12:12 2012-12-12 12:12:12
---
> 1 2012-12-12 12:12:12 2012-12-12 13:12:12
Flavor: r-devel-linux-x86_64-fedora-clang
Version: 0.4-46
Check: tests
Result: NOTE
Running ‘data_exchange.R’ [1s/1s]
Comparing ‘data_exchange.Rout’ to ‘data_exchange.Rout.save’ ...136c136
< 1 2012-12-12 12:12:12 2012-12-13 01:12:12
---
> 1 2012-12-12 12:12:12 2012-12-12 13:12:12
159c159
< 1 2012-12-12 12:12:12 2012-12-13 01:12:12
---
> 1 2012-12-12 12:12:12 2012-12-12 13:12:12
Flavor: r-release-macos-arm64
Version: 0.4-46
Check: tests
Result: NOTE
Running ‘data_exchange.R’ [2s/1s]
Comparing ‘data_exchange.Rout’ to ‘data_exchange.Rout.save’ ...136c136
< 1 2012-12-12 12:12:12 2012-12-12 07:12:12
---
> 1 2012-12-12 12:12:12 2012-12-12 13:12:12
159c159
< 1 2012-12-12 12:12:12 2012-12-12 07:12:12
---
> 1 2012-12-12 12:12:12 2012-12-12 13:12:12
Flavor: r-release-macos-x86_64