Last updated on 2025-07-18 01:49:27 CEST.
Flavor | Version | Tinstall | Tcheck | Ttotal | Status | Flags |
---|---|---|---|---|---|---|
r-devel-linux-x86_64-debian-clang | 1.1.2 | 102.58 | 42.33 | 144.91 | OK | |
r-devel-linux-x86_64-debian-gcc | 1.1.2 | 69.84 | 32.83 | 102.67 | OK | |
r-devel-linux-x86_64-fedora-clang | 1.2.0 | 322.60 | OK | |||
r-devel-linux-x86_64-fedora-gcc | 1.2.0 | 257.65 | OK | |||
r-devel-windows-x86_64 | 1.1.2 | 124.00 | 79.00 | 203.00 | OK | |
r-patched-linux-x86_64 | 1.1.2 | 99.40 | 38.61 | 138.01 | OK | |
r-release-linux-x86_64 | 1.1.2 | 98.95 | 38.99 | 137.94 | OK | |
r-release-macos-arm64 | 1.1.2 | 59.00 | OK | |||
r-release-macos-x86_64 | 1.2.0 | 86.00 | OK | |||
r-release-windows-x86_64 | 1.1.2 | 125.00 | 80.00 | 205.00 | OK | |
r-oldrel-macos-arm64 | 1.1.2 | 65.00 | NOTE | |||
r-oldrel-macos-x86_64 | 1.2.0 | 89.00 | NOTE | |||
r-oldrel-windows-x86_64 | 1.1.2 | 140.00 | 98.00 | 238.00 | OK |
Version: 1.1.2
Check: installed package size
Result: NOTE
installed size is 6.0Mb
sub-directories of 1Mb or more:
libs 5.9Mb
Flavor: r-oldrel-macos-arm64
Version: 1.2.0
Check: installed package size
Result: NOTE
installed size is 6.4Mb
sub-directories of 1Mb or more:
libs 6.2Mb
Flavor: r-oldrel-macos-x86_64