CRAN Package Check Results for Package QCSimulator

Last updated on 2025-07-21 01:49:13 CEST.

Flavor Version Tinstall Tcheck Ttotal Status Flags
r-devel-linux-x86_64-debian-clang 0.0.1 5.59 53.84 59.43 NOTE
r-devel-linux-x86_64-debian-gcc 0.0.1 4.16 37.77 41.93 NOTE
r-devel-linux-x86_64-fedora-clang 0.0.1 89.56 OK
r-devel-linux-x86_64-fedora-gcc 0.0.1 85.24 OK
r-devel-windows-x86_64 0.0.1 8.00 78.00 86.00 OK
r-patched-linux-x86_64 0.0.1 6.50 49.21 55.71 OK
r-release-linux-x86_64 0.0.1 5.57 48.94 54.51 OK
r-release-macos-arm64 0.0.1 28.00 OK
r-release-macos-x86_64 0.0.1 54.00 OK
r-release-windows-x86_64 0.0.1 8.00 78.00 86.00 OK
r-oldrel-macos-arm64 0.0.1 27.00 NOTE
r-oldrel-macos-x86_64 0.0.1 40.00 NOTE
r-oldrel-windows-x86_64 0.0.1 11.00 89.00 100.00 NOTE

Check Details

Version: 0.0.1
Check: CRAN incoming feasibility
Result: NOTE Maintainer: ‘Tinniam V Ganesh<tvganesh.85@gmail.com>’ No Authors@R field in DESCRIPTION. Please add one, modifying Authors@R: person(given = c("Tinniam", "V"), family = "Ganesh", role = c("aut", "cre"), email = "tvganesh.85@gmail.com") as necessary. Flavors: r-devel-linux-x86_64-debian-clang, r-devel-linux-x86_64-debian-gcc

Version: 0.0.1
Check: LazyData
Result: NOTE 'LazyData' is specified without a 'data' directory Flavors: r-oldrel-macos-arm64, r-oldrel-macos-x86_64, r-oldrel-windows-x86_64