Last updated on 2024-05-20 01:49:28 CEST.
Flavor | Version | Tinstall | Tcheck | Ttotal | Status | Flags |
---|---|---|---|---|---|---|
r-devel-linux-x86_64-debian-clang | 0.3.8 | 263.78 | 32.88 | 296.66 | NOTE | |
r-devel-linux-x86_64-debian-gcc | 0.3.8 | 200.03 | 25.59 | 225.62 | NOTE | |
r-devel-linux-x86_64-fedora-clang | 0.3.8 | 496.33 | NOTE | |||
r-devel-linux-x86_64-fedora-gcc | 0.3.8 | 519.06 | NOTE | |||
r-devel-windows-x86_64 | 0.3.8 | 185.00 | 72.00 | 257.00 | NOTE | |
r-patched-linux-x86_64 | 0.3.8 | 263.23 | 31.52 | 294.75 | NOTE | |
r-release-linux-x86_64 | 0.3.8 | 258.37 | 32.47 | 290.84 | NOTE | |
r-release-macos-arm64 | 0.3.8 | 75.00 | NOTE | |||
r-release-windows-x86_64 | 0.3.8 | 186.00 | 76.00 | 262.00 | NOTE | |
r-oldrel-macos-arm64 | 0.3.8 | 94.00 | NOTE | |||
r-oldrel-macos-x86_64 | 0.3.8 | 178.00 | NOTE | |||
r-oldrel-windows-x86_64 | 0.3.8 | 180.00 | 85.00 | 265.00 | NOTE |
Version: 0.3.8
Check: C++ specification
Result: NOTE
Specified C++11: please drop specification unless essential
Flavors: r-devel-linux-x86_64-debian-clang, r-devel-linux-x86_64-debian-gcc, r-devel-linux-x86_64-fedora-clang, r-devel-linux-x86_64-fedora-gcc, r-devel-windows-x86_64, r-patched-linux-x86_64, r-release-linux-x86_64, r-release-macos-arm64, r-release-windows-x86_64, r-oldrel-macos-arm64, r-oldrel-macos-x86_64, r-oldrel-windows-x86_64
Version: 0.3.8
Check: installed package size
Result: NOTE
installed size is 8.9Mb
sub-directories of 1Mb or more:
libs 8.0Mb
Flavors: r-release-macos-arm64, r-oldrel-macos-arm64, r-oldrel-macos-x86_64