CRAN Package Check Results for Package NlinTS

Last updated on 2025-06-27 01:49:37 CEST.

Flavor Version Tinstall Tcheck Ttotal Status Flags
r-devel-linux-x86_64-debian-clang 1.4.5 71.18 46.28 117.46 NOTE
r-devel-linux-x86_64-debian-gcc 1.4.5 53.53 33.32 86.85 NOTE
r-devel-linux-x86_64-fedora-clang 1.4.5 239.03 NOTE
r-devel-linux-x86_64-fedora-gcc 1.4.5 201.59 NOTE
r-devel-windows-x86_64 1.4.5 85.00 83.00 168.00 NOTE
r-patched-linux-x86_64 NOTE
r-release-linux-x86_64 1.4.5 72.10 43.83 115.93 NOTE
r-release-macos-arm64 1.4.5 55.00 NOTE
r-release-macos-x86_64 1.4.5 65.00 NOTE
r-release-windows-x86_64 1.4.5 85.00 86.00 171.00 NOTE
r-oldrel-macos-arm64 1.4.5 58.00 NOTE
r-oldrel-macos-x86_64 1.4.5 85.00 NOTE
r-oldrel-windows-x86_64 1.4.5 102.00 100.00 202.00 NOTE

Check Details

Version: 1.4.5
Check: C++ specification
Result: NOTE Specified C++11: please drop specification unless essential Flavors: r-devel-linux-x86_64-debian-clang, r-devel-linux-x86_64-debian-gcc, r-devel-linux-x86_64-fedora-clang, r-devel-linux-x86_64-fedora-gcc, r-devel-windows-x86_64, r-patched-linux-x86_64, r-release-linux-x86_64, r-release-macos-arm64, r-release-macos-x86_64, r-release-windows-x86_64, r-oldrel-macos-arm64, r-oldrel-macos-x86_64, r-oldrel-windows-x86_64

Version: 1.4.5
Check: installed package size
Result: NOTE installed size is 8.2Mb sub-directories of 1Mb or more: libs 8.0Mb Flavors: r-oldrel-macos-arm64, r-oldrel-macos-x86_64