Last updated on 2025-11-03 00:50:08 CET.
| Flavor | Version | Tinstall | Tcheck | Ttotal | Status | Flags | 
|---|---|---|---|---|---|---|
| r-devel-linux-x86_64-debian-clang | 1.3.2 | 2.18 | 27.62 | 29.80 | NOTE | |
| r-devel-linux-x86_64-debian-gcc | 1.3.2 | 1.62 | 22.24 | 23.86 | NOTE | |
| r-devel-linux-x86_64-fedora-clang | 1.3.2 | 45.13 | OK | |||
| r-devel-linux-x86_64-fedora-gcc | 1.3.2 | 42.43 | OK | |||
| r-devel-windows-x86_64 | 1.3.2 | 4.00 | 45.00 | 49.00 | OK | |
| r-patched-linux-x86_64 | 1.3.2 | 2.60 | 25.38 | 27.98 | OK | |
| r-release-linux-x86_64 | 1.3.2 | 2.12 | 25.73 | 27.85 | OK | |
| r-release-macos-arm64 | 1.3.2 | 2.00 | 19.00 | 21.00 | OK | |
| r-release-macos-x86_64 | 1.3.2 | 2.00 | 30.00 | 32.00 | OK | |
| r-release-windows-x86_64 | 1.3.2 | 3.00 | 44.00 | 47.00 | OK | |
| r-oldrel-macos-arm64 | 1.3.2 | 1.00 | 16.00 | 17.00 | OK | |
| r-oldrel-macos-x86_64 | 1.3.2 | 2.00 | 22.00 | 24.00 | OK | |
| r-oldrel-windows-x86_64 | 1.3.2 | 3.00 | 57.00 | 60.00 | OK | 
Version: 1.3.2
Check: CRAN incoming feasibility
Result: NOTE
  Maintainer: ‘Mohit Dayal <mohitdayal2000@gmail.com>’
  
  No Authors@R field in DESCRIPTION.
  Please add one, modifying
    Authors@R: person(given = "Mohit",
                      family = "Dayal",
                      role = c("aut", "cre"),
                      email = "mohitdayal2000@gmail.com")
  as necessary.
Flavors: r-devel-linux-x86_64-debian-clang, r-devel-linux-x86_64-debian-gcc