Last updated on 2025-11-03 00:50:07 CET.
| Flavor | Version | Tinstall | Tcheck | Ttotal | Status | Flags | 
|---|---|---|---|---|---|---|
| r-devel-linux-x86_64-debian-clang | 1.13.1 | 97.23 | 233.23 | 330.46 | OK | |
| r-devel-linux-x86_64-debian-gcc | 1.13.1 | 70.29 | 141.94 | 212.23 | OK | |
| r-devel-linux-x86_64-fedora-clang | 1.13.1 | 600.00 | 5.74 | 605.74 | OK | |
| r-devel-linux-x86_64-fedora-gcc | 1.13.1 | 720.00 | -126.09 | 593.91 | OK | |
| r-devel-windows-x86_64 | 1.13.1 | 87.00 | 219.00 | 306.00 | OK | |
| r-patched-linux-x86_64 | 1.6.64 | 49.40 | 129.73 | 179.13 | NOTE | |
| r-release-linux-x86_64 | 1.13.1 | 99.79 | 214.63 | 314.42 | OK | |
| r-release-macos-arm64 | 1.13.1 | 51.00 | 72.00 | 123.00 | OK | |
| r-release-macos-x86_64 | 1.13.1 | 236.00 | 282.00 | 518.00 | OK | |
| r-release-windows-x86_64 | 1.13.1 | 83.00 | 211.00 | 294.00 | OK | |
| r-oldrel-macos-arm64 | 1.13.1 | 51.00 | 75.00 | 126.00 | NOTE | |
| r-oldrel-macos-x86_64 | 1.13.1 | 300.00 | 395.00 | 695.00 | NOTE | |
| r-oldrel-windows-x86_64 | 1.13.1 | 124.00 | 287.00 | 411.00 | NOTE | 
Version: 1.6.64
Check: Rd files
Result: NOTE
  checkRd: (-1) creating.phenotypic.transform.Rd:20: Lost braces
      20 | trafo <- function(x){ return(x^2)}
         |                     ^
Flavor: r-patched-linux-x86_64
Version: 1.13.1
Check: package dependencies
Result: NOTE
  Packages suggested but not available for checking:
    'doMPI', 'alstructure', 'visPedigree'
  
  Packages which this enhances but not available for checking:
    'miraculix', 'RandomFieldsUtils', 'MoBPSmaps'
Flavors: r-oldrel-macos-arm64, r-oldrel-macos-x86_64
Version: 1.13.1
Check: package dependencies
Result: NOTE
  Packages suggested but not available for checking:
    'alstructure', 'visPedigree'
  
  Packages which this enhances but not available for checking:
    'miraculix', 'RandomFieldsUtils', 'MoBPSmaps'
Flavor: r-oldrel-windows-x86_64