CRAN Package Check Results for Package MetaComp

Last updated on 2025-06-27 01:49:36 CEST.

Flavor Version Tinstall Tcheck Ttotal Status Flags
r-devel-linux-x86_64-debian-clang 1.1.2 5.11 61.78 66.89 OK
r-devel-linux-x86_64-debian-gcc 1.1.2 4.20 42.11 46.31 OK
r-devel-linux-x86_64-fedora-clang 1.1.2 103.66 OK
r-devel-linux-x86_64-fedora-gcc 1.1.2 91.79 OK
r-devel-windows-x86_64 1.1.2 8.00 67.00 75.00 OK
r-patched-linux-x86_64 OK
r-release-linux-x86_64 1.1.2 5.20 53.09 58.29 OK
r-release-macos-arm64 1.1.2 32.00 OK
r-release-macos-x86_64 1.1.2 50.00 OK
r-release-windows-x86_64 1.1.2 8.00 69.00 77.00 OK
r-oldrel-macos-arm64 1.1.2 28.00 NOTE
r-oldrel-macos-x86_64 1.1.2 45.00 NOTE
r-oldrel-windows-x86_64 1.1.2 9.00 81.00 90.00 NOTE

Check Details

Version: 1.1.2
Check: LazyData
Result: NOTE 'LazyData' is specified without a 'data' directory Flavors: r-oldrel-macos-arm64, r-oldrel-macos-x86_64, r-oldrel-windows-x86_64