Last updated on 2025-11-24 00:48:47 CET.
| Flavor | Version | Tinstall | Tcheck | Ttotal | Status | Flags |
|---|---|---|---|---|---|---|
| r-devel-linux-x86_64-debian-clang | 0.1-6 | 14.52 | 42.67 | 57.19 | NOTE | |
| r-devel-linux-x86_64-debian-gcc | 0.1-6 | 12.03 | 34.04 | 46.07 | NOTE | |
| r-devel-linux-x86_64-fedora-clang | 0.1-6 | 41.00 | 50.69 | 91.69 | OK | |
| r-devel-windows-x86_64 | 0.1-6 | 28.00 | 94.00 | 122.00 | OK | |
| r-patched-linux-x86_64 | 0.1-6 | 17.90 | 40.96 | 58.86 | OK | |
| r-release-linux-x86_64 | 0.1-6 | 18.88 | 41.22 | 60.10 | OK | |
| r-release-macos-arm64 | 0.1-6 | OK | ||||
| r-release-macos-x86_64 | 0.1-6 | 13.00 | 56.00 | 69.00 | OK | |
| r-release-windows-x86_64 | 0.1-6 | 23.00 | 120.00 | 143.00 | OK | |
| r-oldrel-macos-arm64 | 0.1-6 | OK | ||||
| r-oldrel-macos-x86_64 | 0.1-6 | 12.00 | 46.00 | 58.00 | OK | |
| r-oldrel-windows-x86_64 | 0.1-6 | 23.00 | 105.00 | 128.00 | OK |
Version: 0.1-6
Check: CRAN incoming feasibility
Result: NOTE
Maintainer: ‘Ignacio López-de-Ullibarri <ignacio.lopezdeullibarri@udc.es>’
No Authors@R field in DESCRIPTION.
Please add one, modifying
Authors@R: person(given = "Ignacio",
family = "López-de-Ullibarri",
role = c("aut", "cre"),
email = "ignacio.lopezdeullibarri@udc.es")
as necessary.
Flavors: r-devel-linux-x86_64-debian-clang, r-devel-linux-x86_64-debian-gcc