Last updated on 2025-05-16 01:50:28 CEST.
Flavor | Version | Tinstall | Tcheck | Ttotal | Status | Flags |
---|---|---|---|---|---|---|
r-devel-linux-x86_64-debian-clang | 0.1.0 | 1.76 | 23.32 | 25.08 | NOTE | |
r-devel-linux-x86_64-debian-gcc | 0.1.0 | 1.43 | 18.06 | 19.49 | NOTE | |
r-devel-linux-x86_64-fedora-clang | 0.1.0 | 39.50 | OK | |||
r-devel-linux-x86_64-fedora-gcc | 0.1.0 | 37.89 | OK | |||
r-devel-windows-x86_64 | 0.1.0 | 3.00 | 51.00 | 54.00 | OK | |
r-patched-linux-x86_64 | 0.1.0 | 2.46 | 21.76 | 24.22 | OK | |
r-release-linux-x86_64 | 0.1.0 | 1.83 | 21.70 | 23.53 | OK | |
r-release-macos-arm64 | 0.1.0 | 17.00 | OK | |||
r-release-macos-x86_64 | 0.1.0 | 27.00 | OK | |||
r-release-windows-x86_64 | 0.1.0 | 4.00 | 52.00 | 56.00 | OK | |
r-oldrel-macos-arm64 | 0.1.0 | 16.00 | OK | |||
r-oldrel-macos-x86_64 | 0.1.0 | 24.00 | OK | |||
r-oldrel-windows-x86_64 | 0.1.0 | 4.00 | 50.00 | 54.00 | OK |
Version: 0.1.0
Check: CRAN incoming feasibility
Result: NOTE
Maintainer: ‘Nicola Sartori <nicola.sartori@unipd.it>’
No Authors@R field in DESCRIPTION.
Please add one, modifying
Authors@R: c(person(given = "Nicola",
family = "Sartori",
role = c("aut", "cre"),
email = "nicola.sartori@unipd.it"),
person(given = "Alessandra",
family = "Salvan",
role = "aut"),
person(given = "Luigi",
family = "Pace",
role = "aut"))
as necessary.
Flavors: r-devel-linux-x86_64-debian-clang, r-devel-linux-x86_64-debian-gcc