Last updated on 2025-11-03 00:50:05 CET.
| Flavor | Version | Tinstall | Tcheck | Ttotal | Status | Flags | 
|---|---|---|---|---|---|---|
| r-devel-linux-x86_64-debian-clang | 16.1.6 | 45.62 | 273.91 | 319.53 | NOTE | |
| r-devel-linux-x86_64-debian-gcc | 16.1.6 | 26.46 | 171.67 | 198.13 | NOTE | |
| r-devel-linux-x86_64-fedora-clang | 16.1.6 | 230.00 | 289.39 | 519.39 | NOTE | |
| r-devel-linux-x86_64-fedora-gcc | 16.1.6 | 120.00 | 359.36 | 479.36 | NOTE | |
| r-devel-windows-x86_64 | 16.1.6 | 38.00 | 302.00 | 340.00 | NOTE | |
| r-patched-linux-x86_64 | 16.1.6 | 48.43 | 255.07 | 303.50 | NOTE | |
| r-release-linux-x86_64 | 16.1.6 | 39.00 | 247.91 | 286.91 | NOTE | |
| r-release-macos-arm64 | 16.1.6 | 17.00 | 89.00 | 106.00 | NOTE | |
| r-release-macos-x86_64 | 16.1.6 | 37.00 | 215.00 | 252.00 | NOTE | |
| r-release-windows-x86_64 | 16.1.6 | 41.00 | 305.00 | 346.00 | NOTE | |
| r-oldrel-macos-arm64 | 16.1.6 | 15.00 | 88.00 | 103.00 | NOTE | |
| r-oldrel-macos-x86_64 | 16.1.6 | 28.00 | 152.00 | 180.00 | NOTE | |
| r-oldrel-windows-x86_64 | 16.1.6 | 47.00 | 353.00 | 400.00 | NOTE | 
Version: 16.1.6
Check: CRAN incoming feasibility
Result: NOTE
  Maintainer: ‘Henrik Singmann <singmann+LaplacesDemon@gmail.com>’
  
  Package CITATION file contains call(s) to old-style citEntry().  Please
  use bibentry() instead.
Flavors: r-devel-linux-x86_64-debian-clang, r-devel-linux-x86_64-debian-gcc
Version: 16.1.6
Check: Rd files
Result: NOTE
  checkRd: (-1) LML.Rd:43: Lost braces
      43 |     is specified only with the \code{GD}, code{HME}, or \code{NSIS}
         |                                               ^
  checkRd: (-1) LaplaceApproximation.Rd:485: Escaped LaTeX specials: \&
  checkRd: (-1) LossMatrix.Rd:115: Escaped LaTeX specials: \&
  checkRd: (-1) LossMatrix.Rd:117: Escaped LaTeX specials: \&
  checkRd: (-1) MISS.Rd:106: Lost braces
     106 |   code{Fit$Imp}. In the presence of numerous missing values, say more
         |       ^
  checkRd: (-1) Matrices.Rd:316: Lost braces
     316 |   Gauss-Hermite quadrature rules. A grid of order eqn{K} provides an
         |                                                      ^
  checkRd: (-1) PMC.Rd:214: Lost braces
     214 |   item{nu}{This is the degrees of freedom parameter \eqn{\nu}{nu} for
         |       ^
  checkRd: (-1) PMC.Rd:214-215: Lost braces
     214 |   item{nu}{This is the degrees of freedom parameter \eqn{\nu}{nu} for
         |           ^
  checkRd: (-1) caterpillar.plot.Rd:15: Lost braces
      15 |     code{demonoid.hpc}, \code{iterquad}, \code{laplace}, \code{pmc},
         |         ^
Flavors: r-devel-linux-x86_64-debian-clang, r-devel-linux-x86_64-debian-gcc, r-devel-linux-x86_64-fedora-clang, r-devel-linux-x86_64-fedora-gcc, r-devel-windows-x86_64, r-patched-linux-x86_64, r-release-linux-x86_64, r-release-macos-arm64, r-release-macos-x86_64, r-release-windows-x86_64, r-oldrel-macos-arm64, r-oldrel-macos-x86_64, r-oldrel-windows-x86_64
Version: 16.1.6
Check: installed package size
Result: NOTE
    installed size is  5.4Mb
    sub-directories of 1Mb or more:
      R      2.0Mb
      doc    1.7Mb
      help   1.1Mb
Flavors: r-oldrel-macos-arm64, r-oldrel-macos-x86_64