Last updated on 2025-11-03 00:50:06 CET.
| Flavor | Version | Tinstall | Tcheck | Ttotal | Status | Flags | 
|---|---|---|---|---|---|---|
| r-devel-linux-x86_64-debian-clang | 2.1 | 7.77 | 70.61 | 78.38 | NOTE | |
| r-devel-linux-x86_64-debian-gcc | 2.1 | 6.85 | 52.17 | 59.02 | NOTE | |
| r-devel-linux-x86_64-fedora-clang | 2.1 | 35.00 | 89.53 | 124.53 | OK | |
| r-devel-linux-x86_64-fedora-gcc | 2.1 | 19.00 | 95.35 | 114.35 | OK | |
| r-devel-windows-x86_64 | 2.1 | 10.00 | 77.00 | 87.00 | OK | |
| r-patched-linux-x86_64 | 2.1 | 8.43 | 66.39 | 74.82 | OK | |
| r-release-linux-x86_64 | 2.1 | 8.35 | 66.64 | 74.99 | OK | |
| r-release-macos-arm64 | 2.1 | 4.00 | 34.00 | 38.00 | OK | |
| r-release-macos-x86_64 | 2.1 | 7.00 | 59.00 | 66.00 | OK | |
| r-release-windows-x86_64 | 2.1 | 9.00 | 75.00 | 84.00 | OK | |
| r-oldrel-macos-arm64 | 2.1 | 4.00 | 36.00 | 40.00 | OK | |
| r-oldrel-macos-x86_64 | 2.1 | 6.00 | 46.00 | 52.00 | OK | |
| r-oldrel-windows-x86_64 | 2.1 | 13.00 | 99.00 | 112.00 | OK | 
Version: 2.1
Check: CRAN incoming feasibility
Result: NOTE
  Maintainer: ‘Kaijun Wang <kaijunwang.19@gmail.com>’
  
  No Authors@R field in DESCRIPTION.
  Please add one, modifying
    Authors@R: c(person(given = "Subhadeep",
                        family = "Mukhopadhyay",
                        role = "aut"),
                 person(given = "Kaijun",
                        family = "Wang",
                        role = c("aut", "cre"),
                        email = "kaijunwang.19@gmail.com"))
  as necessary.
  
  The Description field contains
    (2020, Biometrika); <arXiv:1810.01724>.
  Please refer to arXiv e-prints via their arXiv DOI <doi:10.48550/arXiv.YYMM.NNNNN>.
Flavors: r-devel-linux-x86_64-debian-clang, r-devel-linux-x86_64-debian-gcc