CRAN Package Check Results for Package LPBkg

Last updated on 2025-07-21 01:49:08 CEST.

Flavor Version Tinstall Tcheck Ttotal Status Flags
r-devel-linux-x86_64-debian-clang 1.2 7.08 53.81 60.89 NOTE
r-devel-linux-x86_64-debian-gcc 1.2 5.16 38.71 43.87 NOTE
r-devel-linux-x86_64-fedora-clang 1.2 91.84 OK
r-devel-linux-x86_64-fedora-gcc 1.2 87.64 OK
r-devel-windows-x86_64 1.2 8.00 72.00 80.00 OK
r-patched-linux-x86_64 1.2 6.72 49.17 55.89 OK
r-release-linux-x86_64 1.2 6.30 48.89 55.19 OK
r-release-macos-arm64 1.2 28.00 OK
r-release-macos-x86_64 1.2 47.00 OK
r-release-windows-x86_64 1.2 7.00 72.00 79.00 OK
r-oldrel-macos-arm64 1.2 28.00 NOTE
r-oldrel-macos-x86_64 1.2 39.00 NOTE
r-oldrel-windows-x86_64 1.2 9.00 82.00 91.00 NOTE

Check Details

Version: 1.2
Check: CRAN incoming feasibility
Result: NOTE Maintainer: ‘Sara Algeri <salgeri@umn.edu>’ No Authors@R field in DESCRIPTION. Please add one, modifying Authors@R: c(person(given = "Sara", family = "Algeri", role = c("aut", "cre"), email = "salgeri@umn.edu"), person(given = "Haoran", family = "Liu", role = "aut", email = "liu00728@umn.edu")) as necessary. The Description field contains S. (2019) <arXiv:1906.06615>. Please refer to arXiv e-prints via their arXiv DOI <doi:10.48550/arXiv.YYMM.NNNNN>. Flavors: r-devel-linux-x86_64-debian-clang, r-devel-linux-x86_64-debian-gcc

Version: 1.2
Check: LazyData
Result: NOTE 'LazyData' is specified without a 'data' directory Flavors: r-oldrel-macos-arm64, r-oldrel-macos-x86_64, r-oldrel-windows-x86_64