Last updated on 2025-11-03 00:50:05 CET.
| Flavor | Version | Tinstall | Tcheck | Ttotal | Status | Flags | 
|---|---|---|---|---|---|---|
| r-devel-linux-x86_64-debian-clang | 0.0.3.1 | 10.81 | 79.99 | 90.80 | NOTE | |
| r-devel-linux-x86_64-debian-gcc | 0.0.3.1 | 7.44 | 56.84 | 64.28 | NOTE | |
| r-devel-linux-x86_64-fedora-clang | 0.0.3.1 | 72.00 | 81.42 | 153.42 | OK | |
| r-devel-linux-x86_64-fedora-gcc | 0.0.3.1 | 19.00 | 108.30 | 127.30 | OK | |
| r-devel-windows-x86_64 | 0.0.3.1 | 12.00 | 88.00 | 100.00 | OK | |
| r-patched-linux-x86_64 | 0.0.3.1 | 10.09 | 73.75 | 83.84 | OK | |
| r-release-linux-x86_64 | 0.0.3.1 | 10.07 | 74.71 | 84.78 | OK | |
| r-release-macos-arm64 | 0.0.3.1 | 5.00 | 34.00 | 39.00 | OK | |
| r-release-macos-x86_64 | 0.0.3.1 | 8.00 | 51.00 | 59.00 | OK | |
| r-release-windows-x86_64 | 0.0.3.1 | 12.00 | 86.00 | 98.00 | OK | |
| r-oldrel-macos-arm64 | 0.0.3.1 | 4.00 | 28.00 | 32.00 | OK | |
| r-oldrel-macos-x86_64 | 0.0.3.1 | 13.00 | 45.00 | 58.00 | OK | |
| r-oldrel-windows-x86_64 | 0.0.3.1 | 16.00 | 114.00 | 130.00 | OK | 
Version: 0.0.3.1
Check: CRAN incoming feasibility
Result: NOTE
  Maintainer: ‘Diego F Coelho <diegofcoelho@gmail.com>’
  
  No Authors@R field in DESCRIPTION.
  Please add one, modifying
    Authors@R: c(person(given = c("Diego", "F"),
                        family = "Coelho",
                        role = c("aut", "cre"),
                        email = "diegofcoelho@gmail.com"),
                 person(given = c("Pedro", "Vitor", "Oliveira"),
                        family = "Menezes",
                        role = "dtc",
                        email = "pedrod841@hotmail.com"),
                 person(given = c("Carla", "Corina", "dos", "Santos"),
                        family = "Porto",
                        role = "dtc",
                        email = "carlacorina@hotmail.com.br"),
                 person(given = c("Jon", "George"),
                        family = "Huddleston",
                        role = "rev",
                        email = "Jonathan.Huddleston@brunel.ac.uk"),
                 person(given = c("Elias", "Basile"),
                        family = "Tambourgi",
                        role = "rev",
                        email = "eliastam@feq.unicamp.br"))
  as necessary.
Flavors: r-devel-linux-x86_64-debian-clang, r-devel-linux-x86_64-debian-gcc