Last updated on 2025-11-03 00:50:04 CET.
| Flavor | Version | Tinstall | Tcheck | Ttotal | Status | Flags | 
|---|---|---|---|---|---|---|
| r-devel-linux-x86_64-debian-clang | 1.9-2 | 3.57 | 35.75 | 39.32 | NOTE | |
| r-devel-linux-x86_64-debian-gcc | 1.9-2 | 2.74 | 27.04 | 29.78 | NOTE | |
| r-devel-linux-x86_64-fedora-clang | 1.9-2 | 14.00 | 48.68 | 62.68 | OK | |
| r-devel-linux-x86_64-fedora-gcc | 1.9-2 | 53.69 | OK | |||
| r-devel-windows-x86_64 | 1.9-2 | 4.00 | 52.00 | 56.00 | OK | |
| r-patched-linux-x86_64 | 1.9-2 | 3.30 | 33.80 | 37.10 | OK | |
| r-release-linux-x86_64 | 1.9-2 | 4.01 | 33.76 | 37.77 | OK | |
| r-release-macos-arm64 | 1.9-2 | 2.00 | 19.00 | 21.00 | OK | --install=fake | 
| r-release-macos-x86_64 | 1.9-2 | 4.00 | 30.00 | 34.00 | OK | --install=fake | 
| r-release-windows-x86_64 | 1.9-2 | 5.00 | 52.00 | 57.00 | OK | |
| r-oldrel-macos-arm64 | 1.9-2 | 2.00 | 17.00 | 19.00 | OK | --install=fake | 
| r-oldrel-macos-x86_64 | 1.9-2 | 3.00 | 27.00 | 30.00 | OK | --install=fake | 
| r-oldrel-windows-x86_64 | 1.9-2 | 5.00 | 58.00 | 63.00 | OK | 
Version: 1.9-2
Check: CRAN incoming feasibility
Result: NOTE
  Maintainer: ‘Markus Helbig <mhelbig81@googlemail.com>’
  
  No Authors@R field in DESCRIPTION.
  Please add one, modifying
    Authors@R: c(person(given = "Markus",
                        family = "Helbig",
                        role = c("aut", "cre"),
                        email = "mhelbig81@googlemail.com"),
                 person(given = "Simon",
                        family = "Urbanek",
                        role = "aut"),
                 person(given = "Ian",
                        family = "Fellows",
                        role = "aut"))
  as necessary.
Flavors: r-devel-linux-x86_64-debian-clang, r-devel-linux-x86_64-debian-gcc