Last updated on 2025-11-03 00:50:04 CET.
| Flavor | Version | Tinstall | Tcheck | Ttotal | Status | Flags | 
|---|---|---|---|---|---|---|
| r-devel-linux-x86_64-debian-clang | 1.0 | 5.85 | 55.83 | 61.68 | NOTE | |
| r-devel-linux-x86_64-debian-gcc | 1.0 | 4.67 | 42.22 | 46.89 | NOTE | |
| r-devel-linux-x86_64-fedora-clang | 1.0 | 22.00 | 77.09 | 99.09 | OK | |
| r-devel-linux-x86_64-fedora-gcc | 1.0 | 14.00 | 72.97 | 86.97 | OK | |
| r-devel-windows-x86_64 | 1.0 | 7.00 | 65.00 | 72.00 | OK | |
| r-patched-linux-x86_64 | 1.0 | 6.33 | 53.95 | 60.28 | OK | |
| r-release-linux-x86_64 | 1.0 | 6.34 | 53.64 | 59.98 | OK | |
| r-release-macos-arm64 | 1.0 | 3.00 | 28.00 | 31.00 | OK | |
| r-release-macos-x86_64 | 1.0 | 5.00 | 49.00 | 54.00 | OK | |
| r-release-windows-x86_64 | 1.0 | 7.00 | 65.00 | 72.00 | OK | |
| r-oldrel-macos-arm64 | 1.0 | 3.00 | 27.00 | 30.00 | NOTE | |
| r-oldrel-macos-x86_64 | 1.0 | 4.00 | 41.00 | 45.00 | NOTE | |
| r-oldrel-windows-x86_64 | 1.0 | 9.00 | 79.00 | 88.00 | NOTE | 
Version: 1.0
Check: CRAN incoming feasibility
Result: NOTE
  Maintainer: ‘Jie-Huei Wang <jhwang@mail.fcu.edu.tw>’
  
  No Authors@R field in DESCRIPTION.
  Please add one, modifying
    Authors@R: c(person(given = "Jie-Huei",
                        family = "Wang",
                        role = c("aut", "cre"),
                        email = "jhwang@mail.fcu.edu.tw"),
                 person(given = "Yi-Hau",
                        family = "Chen",
                        role = "aut"))
  as necessary.
Flavors: r-devel-linux-x86_64-debian-clang, r-devel-linux-x86_64-debian-gcc
Version: 1.0
Check: LazyData
Result: NOTE
    'LazyData' is specified without a 'data' directory
Flavors: r-oldrel-macos-arm64, r-oldrel-macos-x86_64, r-oldrel-windows-x86_64