Last updated on 2024-05-10 02:05:27 CEST.
Flavor | Version | Tinstall | Tcheck | Ttotal | Status | Flags |
---|---|---|---|---|---|---|
r-devel-linux-x86_64-debian-clang | 1.2.2 | 10.42 | 178.45 | 188.87 | OK | |
r-devel-linux-x86_64-debian-gcc | 1.2.2 | 7.38 | 130.98 | 138.36 | OK | |
r-devel-linux-x86_64-fedora-clang | 1.2.2 | 236.66 | NOTE | |||
r-devel-linux-x86_64-fedora-gcc | 1.2.2 | 306.40 | NOTE | |||
r-devel-windows-x86_64 | 1.2.2 | 12.00 | 128.00 | 140.00 | NOTE | |
r-patched-linux-x86_64 | 1.2.2 | 13.33 | 166.18 | 179.51 | OK | |
r-release-linux-x86_64 | 1.2.2 | 7.45 | 167.49 | 174.94 | OK | |
r-release-macos-arm64 | 1.2.2 | 68.00 | NOTE | |||
r-release-windows-x86_64 | 1.2.2 | 12.00 | 127.00 | 139.00 | NOTE | |
r-oldrel-macos-arm64 | 1.2.2 | 70.00 | NOTE | |||
r-oldrel-macos-x86_64 | 1.2.2 | 119.00 | NOTE | |||
r-oldrel-windows-x86_64 | 1.2.2 | 14.00 | 159.00 | 173.00 | NOTE |
Version: 1.2.2
Check: installed package size
Result: NOTE
installed size is 8.2Mb
sub-directories of 1Mb or more:
HaDeX 4.1Mb
doc 4.0Mb
Flavors: r-devel-linux-x86_64-fedora-clang, r-devel-windows-x86_64, r-release-macos-arm64, r-release-windows-x86_64, r-oldrel-macos-arm64, r-oldrel-macos-x86_64, r-oldrel-windows-x86_64
Version: 1.2.2
Check: dependencies in R code
Result: NOTE
Namespaces in Imports field not imported from:
‘DT’ ‘gsubfn’ ‘stringr’
All declared Imports should be used.
Flavors: r-devel-linux-x86_64-fedora-clang, r-devel-linux-x86_64-fedora-gcc