Last updated on 2025-11-24 00:48:43 CET.
| Flavor | Version | Tinstall | Tcheck | Ttotal | Status | Flags |
|---|---|---|---|---|---|---|
| r-devel-linux-x86_64-debian-clang | 2.0.1 | 6.98 | 99.76 | 106.74 | NOTE | |
| r-devel-linux-x86_64-debian-gcc | 2.0.1 | 5.81 | 69.03 | 74.84 | NOTE | |
| r-devel-linux-x86_64-fedora-clang | 2.0.1 | 17.00 | 147.80 | 164.80 | OK | |
| r-devel-windows-x86_64 | 2.0.1 | 10.00 | 111.00 | 121.00 | OK | |
| r-patched-linux-x86_64 | 2.0.1 | 7.03 | 94.46 | 101.49 | OK | |
| r-release-linux-x86_64 | 2.0.1 | 7.39 | 95.56 | 102.95 | OK | |
| r-release-macos-arm64 | 2.0.1 | OK | ||||
| r-release-macos-x86_64 | 2.0.1 | 6.00 | 92.00 | 98.00 | OK | |
| r-release-windows-x86_64 | 2.0.1 | 9.00 | 126.00 | 135.00 | OK | |
| r-oldrel-macos-arm64 | 2.0.1 | OK | ||||
| r-oldrel-macos-x86_64 | 2.0.1 | 5.00 | 79.00 | 84.00 | OK | |
| r-oldrel-windows-x86_64 | 2.0.1 | 11.00 | 139.00 | 150.00 | OK |
Version: 2.0.1
Check: CRAN incoming feasibility
Result: NOTE
Maintainer: ‘Dandi Qiao <redaq@channing.harvard.edu>’
No Authors@R field in DESCRIPTION.
Please add one, modifying
Authors@R: c(person(given = "Dandi",
family = "Qiao",
role = c("aut", "cre"),
email = "redaq@channing.harvard.edu"),
person(given = c("Michael", "H."),
family = "Cho",
role = "aut"))
as necessary.
Flavors: r-devel-linux-x86_64-debian-clang, r-devel-linux-x86_64-debian-gcc