Last updated on 2025-11-03 00:50:00 CET.
| Flavor | Version | Tinstall | Tcheck | Ttotal | Status | Flags | 
|---|---|---|---|---|---|---|
| r-devel-linux-x86_64-debian-clang | 1.3.4 | 11.15 | 176.88 | 188.03 | OK | |
| r-devel-linux-x86_64-debian-gcc | 1.3.5 | 9.25 | 122.44 | 131.69 | OK | |
| r-devel-linux-x86_64-fedora-clang | 1.3.5 | 57.00 | 252.17 | 309.17 | OK | |
| r-devel-linux-x86_64-fedora-gcc | 1.3.5 | 63.00 | 253.83 | 316.83 | OK | |
| r-devel-windows-x86_64 | 1.3.5 | 16.00 | 210.00 | 226.00 | OK | |
| r-patched-linux-x86_64 | 1.3.4 | 13.55 | 164.29 | 177.84 | OK | |
| r-release-linux-x86_64 | 1.3.5 | 13.93 | 168.42 | 182.35 | OK | |
| r-release-macos-arm64 | 1.3.5 | 6.00 | 85.00 | 91.00 | OK | |
| r-release-macos-x86_64 | 1.3.5 | 14.00 | 242.00 | 256.00 | OK | |
| r-release-windows-x86_64 | 1.3.5 | 16.00 | 200.00 | 216.00 | OK | |
| r-oldrel-macos-arm64 | 1.3.5 | 8.00 | 93.00 | 101.00 | NOTE | |
| r-oldrel-macos-x86_64 | 1.3.5 | 15.00 | 185.00 | 200.00 | NOTE | |
| r-oldrel-windows-x86_64 | 1.3.5 | 21.00 | 265.00 | 286.00 | NOTE | 
Version: 1.3.5
Check: installed package size
Result: NOTE
    installed size is  7.1Mb
    sub-directories of 1Mb or more:
      data   2.4Mb
      doc    4.1Mb
Flavors: r-oldrel-macos-arm64, r-oldrel-macos-x86_64, r-oldrel-windows-x86_64