Last updated on 2025-11-24 00:48:41 CET.
| Flavor | Version | Tinstall | Tcheck | Ttotal | Status | Flags |
|---|---|---|---|---|---|---|
| r-devel-linux-x86_64-debian-clang | 1.16 | 13.49 | 68.86 | 82.35 | NOTE | |
| r-devel-linux-x86_64-debian-gcc | 1.16 | 8.87 | 47.74 | 56.61 | NOTE | |
| r-devel-linux-x86_64-fedora-clang | 1.16 | 49.00 | 83.19 | 132.19 | OK | |
| r-devel-windows-x86_64 | 1.16 | 15.00 | 83.00 | 98.00 | OK | |
| r-patched-linux-x86_64 | 1.16 | 12.35 | 61.71 | 74.06 | OK | |
| r-release-linux-x86_64 | 1.16 | 12.19 | 61.58 | 73.77 | OK | |
| r-release-macos-arm64 | 1.16 | OK | ||||
| r-release-macos-x86_64 | 1.16 | 11.00 | 51.00 | 62.00 | OK | |
| r-release-windows-x86_64 | 1.16 | 14.00 | 96.00 | 110.00 | OK | |
| r-oldrel-macos-arm64 | 1.16 | OK | ||||
| r-oldrel-macos-x86_64 | 1.16 | 8.00 | 41.00 | 49.00 | OK | |
| r-oldrel-windows-x86_64 | 1.16 | 17.00 | 101.00 | 118.00 | OK |
Version: 1.16
Check: CRAN incoming feasibility
Result: NOTE
Maintainer: ‘Danlu Guo <danlu.guo@unimelb.edu.au>’
No Authors@R field in DESCRIPTION.
Please add one, modifying
Authors@R: c(person(given = "Danlu",
family = "Guo",
role = c("aut", "cre"),
email = "danlu.guo@adelaide.edu.au"),
person(given = "Seth",
family = "Westra",
role = "aut",
email = "swestra@civeng.adelaide.edu.au"),
person(given = "Tim",
family = "Peterson",
role = "ctb",
email = "tim.peterson@monash.edu"))
as necessary.
Flavors: r-devel-linux-x86_64-debian-clang, r-devel-linux-x86_64-debian-gcc