Last updated on 2024-06-14 01:51:18 CEST.
Flavor | Version | Tinstall | Tcheck | Ttotal | Status | Flags |
---|---|---|---|---|---|---|
r-devel-linux-x86_64-debian-clang | 2.0.0 | 5.37 | 212.43 | 217.80 | OK | |
r-devel-linux-x86_64-debian-gcc | 2.0.0 | 0.32 | 1.56 | 1.88 | ERROR | |
r-devel-linux-x86_64-fedora-clang | 2.0.0 | 276.57 | OK | |||
r-devel-linux-x86_64-fedora-gcc | 2.0.0 | 379.32 | OK | |||
r-devel-windows-x86_64 | 2.0.0 | 6.00 | 288.00 | 294.00 | OK | |
r-patched-linux-x86_64 | 2.0.0 | 3.95 | 255.05 | 259.00 | OK | |
r-release-linux-x86_64 | 2.0.0 | 4.01 | 251.07 | 255.08 | OK | |
r-release-macos-arm64 | 2.0.0 | 169.00 | OK | |||
r-release-macos-x86_64 | 2.0.0 | 228.00 | OK | |||
r-release-windows-x86_64 | 2.0.0 | 7.00 | 287.00 | 294.00 | OK | |
r-oldrel-macos-arm64 | 2.0.0 | 180.00 | OK | |||
r-oldrel-macos-x86_64 | 2.0.0 | 344.00 | OK | |||
r-oldrel-windows-x86_64 | 2.0.0 | 9.00 | 340.00 | 349.00 | OK |
Version: 2.0.0
Check: package dependencies
Result: ERROR
Packages required but not available:
'readr', 'RSQLite', 'arrow', 'CommonDataModel'
Packages suggested but not available for checking:
'testthat', 'DatabaseConnector'
See section ‘The DESCRIPTION file’ in the ‘Writing R Extensions’
manual.
Flavor: r-devel-linux-x86_64-debian-gcc